NOAA-Style klimatska poročila


Poročilo za 2015 Februar
                   Monthly Climatological Summary for feb 2015

Name: Bezina   City: Slovenske Konjice   State: SI
Elevation: 344 m  Lat: N 46° 21' 28"   Lon: E 015° 25' 56"

                  Temperature (°C), Rain (mm), Wind Speed (km/h)

                                      Heat  Cool        Avg
    Mean                              Deg   Deg         Wind                 Dom
Day Temp  High   Time   Low    Time   Days  Days  Rain  Speed High   Time    Dir
----------------------------------------------------------------------------------
 1  -0,3   2,5   14:47  -2,6   05:09  18,6   0,0   1,8   0,7  11,3   12:57   SSE
 2  -0,1   3,7   12:24  -3,5   04:21  18,4   0,0   0,0   3,6  29,0   10:09   WSW
 3  -1,6   1,7   12:59  -5,4   06:13  19,9   0,0   2,8   0,5   9,7   12:41     E
 4   0,2   1,9   14:34  -1,3   07:28  18,1   0,0   0,0   1,3  16,1   21:31   SSE
 5  -0,2   1,1   21:57  -1,6   07:30  18,5   0,0   3,0   3,1  22,5   06:27   ESE
 6   0,1   1,4   11:34  -1,7   18:15  18,2   0,0   0,0   6,3  46,7   04:47    NE
 7  -2,9   0,4   15:13  -8,1   23:33  21,2   0,0   0,0   2,6  16,1   10:18     S
 8  -3,7   1,3   14:46  -8,8   03:44  22,0   0,0   0,0   3,1  38,6   16:25   NNE
 9  -2,7   1,1   13:00  -6,8   03:10  21,0   0,0   2,0   1,7  12,9   17:28    NE
10   2,1   6,6   11:38  -1,4   04:30  16,2   0,0   0,0   1,4  11,3   06:04    NE
11   2,4   6,5   13:17  -0,9   03:54  15,9   0,0   0,0   1,3  16,1   13:21   ESE
12   2,9   6,2   12:52  -0,1   23:58  15,4   0,0   0,0   1,9  24,1   11:09     S
13   0,1   5,4   15:12  -4,0   07:06  18,2   0,0   0,0   2,1  24,1   13:37   SSW
14   3,6   7,7   14:22  -0,6   02:51  14,7   0,0   0,0   2,4  25,7   16:42    SW
15   4,0  11,1   13:31  -0,4   06:28  14,3   0,0   0,0   1,3  16,1   14:03   ESE
16   3,1   9,7   15:26  -1,3   23:21  15,2   0,0   0,0   1,3  17,7   14:17   ESE
17   0,6   4,4   15:47  -2,9   04:58  17,7   0,0   0,0   1,1  17,7   16:17    SE
18   0,7   4,8   16:09  -3,6   23:50  17,6   0,0   0,0   1,2  14,5   13:07     E
19   0,6   9,1   15:26  -4,9   06:55  17,7   0,0   0,0   1,4  14,5   13:57   ESE
20   3,1  12,7   15:13  -4,6   07:15  15,2   0,0   0,0   1,9  22,5   14:22   SSW
21   6,5   9,9   13:48   3,3   00:34  11,8   0,0   0,0  10,0  66,0   08:55    SW
22   3,6   5,7   00:00   1,8   02:46  14,7   0,0  18,6   1,4  16,1   10:12     S
23   4,8   8,3   15:04   3,0   00:00  13,5   0,0   1,0   2,7  20,9   15:50   SSW
24   4,6   5,7   11:33   3,8   23:58  13,7   0,0  11,2   1,5  16,1   21:53   SSE
25   5,7   7,8   14:51   3,2   03:30  12,6   0,0   0,2   3,3  29,0   06:52   NNW
26   6,1  10,8   14:36   1,2   06:56  12,2   0,0   0,0   2,2  25,7   13:24    SE
27   4,6   9,8   14:01  -0,9   07:02  13,7   0,0   0,0   2,0  19,3   10:45   SSE
28   4,5   7,8   15:17   0,7   00:00  13,8   0,0   0,0   0,9   9,7   13:39     E
----------------------------------------------------------------------------------
     1,9  12,7    20    -8,8     8   460,0   0,0  40,6   2,3  66,0    21     SSE

Max >=  30,0:  0
Max <=   0,0:  0
Min <=   0,0: 21
Min <= -10,0:  0
Max Rain: 18,6 on day 22
Days of Rain: 8 (>= 0,2 mm)  5 (>= 2,0 mm)  0 (>= 20,0 mm)
Heat Base: 18,3  Cool Base: 18,3  Method: Integration