NOAA-Style klimatska poročila


Poročilo za 2015 Januar
                   Monthly Climatological Summary for jan 2015

Name: Bezina   City: Slovenske Konjice   State: SI
Elevation: 344 m  Lat: N 46° 21' 28"   Lon: E 015° 25' 56"

                  Temperature (°C), Rain (mm), Wind Speed (km/h)

                                      Heat  Cool        Avg
    Mean                              Deg   Deg         Wind                 Dom
Day Temp  High   Time   Low    Time   Days  Days  Rain  Speed High   Time    Dir
----------------------------------------------------------------------------------
 1  -3,7   1,7   23:28  -9,7   00:00  22,0   0,0   0,0   1,3   9,7   11:27    NE
 2   3,1   7,9   11:59   0,1   04:14  15,2   0,0   0,0   3,0  24,1   09:50    SW
 3   2,0   6,9   13:39  -2,3   06:57  16,3   0,0   0,0   2,6  30,6   23:42   WSW
 4   4,0   9,7   14:02  -1,1   07:03  14,3   0,0   0,0   4,0  37,0   07:25     W
 5   2,2   6,3   12:16  -3,1   06:11  16,1   0,0   0,0   3,7  27,4   13:47   WSW
 6   0,6   4,8   13:56  -3,0   23:42  17,7   0,0   0,0   1,1   9,7   10:03   SSE
 7  -1,9   2,3   15:00  -5,2   23:37  20,2   0,0   0,0   0,9  11,3   12:35   ENE
 8  -2,5   2,4   23:59  -6,1   05:10  20,8   0,0   0,2   1,2  11,3   16:40   ENE
 9   6,0   9,2   13:49   0,1   03:57  12,3   0,0   0,0   7,8  38,6   17:11   WSW
10   9,4  12,1   14:59   5,9   00:14   8,9   0,0   0,0  12,7  49,9   21:29   WSW
11   6,0  10,9   08:14  -1,6   23:57  12,3   0,0   9,0   6,5  49,9   00:18   WSW
12   4,4   7,8   23:58  -1,9   00:14  13,9   0,0   0,0   5,2  30,6   22:22   WSW
13   8,7  12,1   13:42   6,8   03:39   9,6   0,0   0,0   9,9  43,5   03:53   WSW
14   7,7  11,7   14:11   2,4   23:51  10,6   0,0   0,0   6,3  32,2   10:29   WSW
15   5,5   9,6   14:16  -0,7   07:56  12,8   0,0   0,0   4,4  32,2   13:10   WSW
16  10,4  12,2   12:07   7,0   02:04   7,9   0,0   0,0  13,8  62,8   12:14    SW
17  10,9  13,6   14:55   7,8   21:14   7,4   0,0   5,2   9,4  41,8   19:13   SSW
18   4,9   8,9   00:02   3,5   05:59  13,5   0,0   0,0   1,8  19,3   00:58    SE
19   3,4   6,3   15:43   0,1   23:40  14,9   0,0   0,0   1,0  12,9   11:21   ENE
20   2,0   6,5   13:20  -0,9   02:47  16,3   0,0   0,2   1,4  11,3   10:53    NE
21   3,2   3,7   14:36   2,6   04:05  15,1   0,0   1,0   0,5   8,0   19:57   ESE
22   5,0   8,1   14:41   3,5   06:54  13,3   0,0   1,0   1,1  11,3   17:08     S
23   4,7   6,2   12:10   3,6   19:22  13,6   0,0   6,8   2,4  20,9   21:24   SSE
24   3,4   6,0   05:20   0,6   22:23  15,0   0,0   2,0   3,3  38,6   06:00    NE
25   1,9   5,7   14:44  -0,6   23:21  16,3   0,0   1,2   2,1  19,3   15:27   SSE
26  -0,4   3,3   15:47  -3,1   07:28  18,7   0,0   0,2   1,1  17,7   12:47    SE
27  -0,5   2,2   14:45  -4,0   02:31  18,8   0,0   0,0   1,3  16,1   05:25    SW
28  -0,6   5,7   14:07  -4,3   07:44  18,9   0,0   0,0   1,5  16,1   13:22   SSE
29   2,1   5,6   12:53  -2,5   01:51  16,2   0,0   0,0   4,7  27,4   11:27    SW
30   0,6   1,3   13:02   0,0   20:44  17,7   0,0  19,6   1,2  17,7   12:31   SSW
31   0,6   5,9   15:11  -2,9   07:35  17,7   0,0   0,0   2,7  25,7   13:07   WSW
----------------------------------------------------------------------------------
     3,3  13,6    17    -9,7     1   464,3   0,0  46,4   3,9  62,8    16      SW

Max >=  30,0:  0
Max <=   0,0:  0
Min <=   0,0: 18
Min <= -10,0:  0
Max Rain: 19,6 on day 30
Days of Rain: 11 (>= 0,2 mm)  5 (>= 2,0 mm)  0 (>= 20,0 mm)
Heat Base: 18,3  Cool Base: 18,3  Method: Integration