NOAA-Style klimatska poročila


Poročilo za 2014 November
                   Monthly Climatological Summary for nov 2014

Name: Bezina   City: Slovenske Konjice   State: SI
Elevation: 344 m  Lat: N 46° 21' 28"   Lon: E 015° 25' 56"

                  Temperature (°C), Rain (mm), Wind Speed (km/h)

                                      Heat  Cool        Avg
    Mean                              Deg   Deg         Wind                 Dom
Day Temp  High   Time   Low    Time   Days  Days  Rain  Speed High   Time    Dir
----------------------------------------------------------------------------------
 1   7,8  16,0   14:59   2,2   02:04  10,5   0,0   0,0   1,1  19,3   08:59    SW
 2   7,1  15,4   14:44   2,3   06:51  11,2   0,0   0,2   0,7   9,7   12:55   ENE
 3  10,1  16,3   13:38   2,3   03:34   8,2   0,0   0,2   6,6  46,7   21:28    SW
 4  14,9  18,2   11:45  13,0   00:47   3,4   0,0   0,0   9,8  57,9   00:26   SSW
 5  16,1  20,6   13:07  11,8   02:24   2,3   0,2   0,0   4,7  33,8   13:53     S
 6  14,1  17,8   01:22  12,2   06:50   4,2   0,0  24,6   2,3  45,1   01:54   SSW
 7  13,3  14,8   13:09  12,0   00:29   5,0   0,0  11,2   1,1   9,7   04:47    NE
 8  10,9  13,5   02:22   9,2   12:00   7,4   0,0   5,4   1,7  24,1   08:41   SSE
 9  10,3  14,6   14:22   8,3   08:01   8,0   0,0   0,0   1,9  20,9   13:19   SSW
10  12,6  18,3   13:09   7,7   05:00   5,7   0,0   0,2   3,5  29,0   09:58    SW
11  12,8  17,7   14:11   9,6   07:04   5,5   0,0   0,0   1,5  16,1   12:15     S
12  12,3  16,1   14:44   9,2   01:47   6,0   0,0   1,4   1,1  11,3   10:35    NE
13   9,7  11,2   00:00   8,9   08:04   8,6   0,0  12,2   1,5  11,3   03:19   SSE
14  10,5  11,8   13:19   9,3   05:47   7,8   0,0   0,0   0,3   4,8   10:54    SE
15  10,5  13,7   13:51   8,6   03:32   7,8   0,0   0,2   1,5  16,1   11:39    SW
16  11,1  16,5   14:21   7,5   23:42   7,2   0,0   0,8   2,1  22,5   13:11     S
17   9,7  14,1   12:40   7,3   00:30   8,6   0,0   1,8   1,1  17,7   12:29   SSW
18   8,6  12,0   13:11   5,2   20:22   9,7   0,0  20,2   2,6  27,4   10:26   SSW
19   6,7  11,8   13:32   2,9   07:43  11,6   0,0   0,0   1,9  17,7   18:06   WNW
20   6,3  13,6   13:50   1,7   06:50  12,0   0,0   0,0   1,6  17,7   11:06   WSW
21   6,1   7,4   14:21   4,7   00:00  12,1   0,0   0,0   0,3   3,2   09:47     E
22   5,3  11,2   13:30   1,2   23:38  13,0   0,0   0,0   1,3  16,1   12:29   SSW
23   2,6   5,5   12:10  -0,9   07:16  15,7   0,0   0,2   1,1   9,7   10:47    NE
24   3,5   4,0   11:43   3,2   15:31  14,8   0,0   0,0   1,2  11,3   05:37   ESE
25   3,7   4,7   14:32   3,1   07:35  14,6   0,0   0,2   1,0  16,1   19:40   ESE
26   3,6   4,9   14:31   2,6   22:30  14,7   0,0   0,2   1,2   9,7   10:42     E
27   2,8   3,5   11:59   2,3   04:03  15,5   0,0   0,2   1,1  12,9   11:26   ESE
28   2,9   3,2   14:30   2,7   09:49  15,4   0,0   0,0   1,0   8,0   05:56   ENE
29   3,5   3,9   09:08   3,2   00:00  14,8   0,0   1,0   0,9   6,4   06:11     E
30   3,6   4,1   12:39   3,0   04:44  14,7   0,0   1,0   0,7   6,4   01:12     E
----------------------------------------------------------------------------------
     8,4  20,6     5    -0,9    23   296,0   0,2  81,2   1,9  57,9     4     SSW

Max >=  30,0:  0
Max <=   0,0:  0
Min <=   0,0:  1
Min <= -10,0:  0
Max Rain: 24,6 on day 6
Days of Rain: 18 (>= 0,2 mm)  5 (>= 2,0 mm)  2 (>= 20,0 mm)
Heat Base: 18,3  Cool Base: 18,3  Method: Integration