NOAA-Style klimatska poročila


Poročilo za 2014 September
                   Monthly Climatological Summary for sep 2014

Name: Bezina   City: Slovenske Konjice   State: SI
Elevation: 344 m  Lat: N 46° 21' 28"   Lon: E 015° 25' 56"

                  Temperature (°C), Rain (mm), Wind Speed (km/h)

                                      Heat  Cool        Avg
    Mean                              Deg   Deg         Wind                 Dom
Day Temp  High   Time   Low    Time   Days  Days  Rain  Speed High   Time    Dir
----------------------------------------------------------------------------------
 1  14,7  17,8   23:31  11,7   06:29   3,6   0,0  39,4   3,7  38,6   19:04   WSW
 2  13,8  17,6   00:04  12,8   06:41   4,5   0,0  13,8   2,5  29,0   02:46     S
 3  16,3  21,8   16:48  12,9   00:37   2,4   0,4   5,8   1,6  24,1   16:59     S
 4  17,3  19,8   14:52  15,6   00:28   1,2   0,2  10,2   1,2  17,7   09:47     S
 5  19,0  23,7   13:12  15,1   07:00   0,8   1,5   0,2   1,3  16,1   11:00   SSE
 6  16,3  17,6   01:34  15,0   23:56   2,0   0,0  10,8   1,2  14,5   09:44   SSE
 7  16,6  20,3   15:50  13,6   06:47   2,0   0,3   0,0   0,9   8,0   09:25    NE
 8  17,7  23,9   13:52  11,8   07:02   2,4   1,7   0,0   1,6  19,3   13:51     S
 9  17,9  27,2   13:34  12,2   06:26   2,1   1,7   2,4   1,5  19,3   14:35     N
10  16,2  17,7   02:13  14,3   23:35   2,1   0,0   6,2   1,0  11,3   01:36    SE
11  13,9  16,0   11:56  12,1   23:55   4,4   0,0  14,4   1,1  11,3   17:06     S
12  13,8  16,9   14:02  11,9   04:43   4,5   0,0   9,6   1,7  19,3   23:30     E
13  13,4  17,3   16:04  11,8   07:12   4,9   0,0  23,6   2,7  41,8   02:58   WSW
14  14,7  19,2   13:49  11,8   05:22   3,6   0,1   0,4   1,2  16,1   13:39   NNW
15  15,2  19,2   16:55  13,1   06:51   3,1   0,0   1,2   1,1  12,9   14:12     S
16  15,5  19,4   17:27  13,4   00:07   2,8   0,0   3,0   1,0  16,1   11:44   ESE
17  14,7  20,1   14:29   9,8   05:24   3,7   0,1   0,2   1,2  19,3   14:29   ESE
18  14,7  19,8   15:04  10,2   05:26   3,9   0,2   0,0   1,5  14,5   12:40     S
19  18,0  23,8   15:34  11,2   02:34   1,8   1,5   0,0   5,1  29,0   13:46   WSW
20  20,4  25,6   16:56  16,4   07:35   0,1   2,2   0,0   5,0  24,1   00:32   WSW
21  19,7  26,7   16:22  15,2   07:30   0,8   2,2   2,6   2,8  25,7   14:00   SSW
22  15,3  17,8   13:00  11,8   23:48   3,1   0,0   6,0   1,9  16,1   06:07     S
23  11,9  19,4   14:10   6,3   06:38   6,4   0,0   0,8   2,5  30,6   12:43     S
24  11,6  19,4   16:24   5,4   06:45   6,7   0,1   0,0   2,5  24,1   10:50     S
25  12,0  14,8   10:52   8,4   22:14   6,3   0,0   3,6   2,7  20,9   05:38   WSW
26  12,9  19,1   17:03   8,6   01:54   5,5   0,0   0,2   1,4  14,5   07:18     N
27  14,6  21,3   15:25  10,0   04:52   4,0   0,3   0,0   1,2  16,1   14:01    SE
28  14,7  22,3   15:22   8,9   07:01   4,3   0,8   0,0   2,0  17,7   14:19     S
29  14,9  24,1   16:44   7,4   07:12   4,6   1,2   0,0   2,2  25,7   13:17    SW
30  16,0  24,0   17:08   9,3   07:16   3,4   1,1   0,0   1,7  16,1   02:57     S
----------------------------------------------------------------------------------
    15,5  27,2     9     5,4    24   101,0  15,6 154,4   2,0  41,8    13     SSW

Max >=  30,0:  0
Max <=   0,0:  0
Min <=   0,0:  0
Min <= -10,0:  0
Max Rain: 39,4 on day 1
Days of Rain: 20 (>= 0,2 mm)  14 (>= 2,0 mm)  2 (>= 20,0 mm)
Heat Base: 18,3  Cool Base: 18,3  Method: Integration