NOAA-Style klimatska poročila


Poročilo za 2014 Maj
                   Monthly Climatological Summary for maj 2014

Name: Bezina   City: Slovenske Konjice   State: SI
Elevation: 344 m  Lat: N 46° 21' 28"   Lon: E 015° 25' 56"

                  Temperature (°C), Rain (mm), Wind Speed (km/h)

                                      Heat  Cool        Avg
    Mean                              Deg   Deg         Wind                 Dom
Day Temp  High   Time   Low    Time   Days  Days  Rain  Speed High   Time    Dir
----------------------------------------------------------------------------------
 1  15,1  21,7   13:18   8,9   03:58   3,7   0,6   0,0   2,4  20,9   12:40     S
 2  13,8  21,6   17:21   7,0   05:58   4,8   0,3   0,0   1,7  19,3   17:35    SE
 3  11,0  14,7   11:57   7,2   23:40   7,3   0,0   0,0   2,5  20,9   10:52   ESE
 4  11,5  16,7   15:52   5,7   23:58   6,8   0,0   0,0   4,3  48,3   14:31   NNE
 5   9,6  17,6   18:15   1,7   05:40   8,7   0,0   0,0   1,8  17,7   14:04   SSE
 6  13,8  22,8   16:51   4,2   06:10   5,3   0,8   0,0   3,2  20,9   14:59     S
 7  15,3  20,4   15:06  11,2   23:16   3,2   0,1   5,2   5,0  45,1   15:53    SW
 8  14,5  20,9   17:19   9,7   05:06   4,1   0,4   0,0   1,9  17,7   16:47    SE
 9  15,8  23,9   15:52   6,9   05:32   3,8   1,4   0,0   1,8  17,7   14:15     S
10  17,1  22,7   16:12  12,2   06:01   2,4   1,2   0,0   2,2  20,9   11:38   SSE
11  15,0  21,2   13:59   6,5   23:57   4,0   0,6  33,0   3,0  41,8   16:02     S
12  11,3  18,8   18:52   5,2   04:30   7,0   0,0   1,8   3,3  25,7   16:03    SW
13   8,7  12,5   17:41   7,0   23:41   9,6   0,0  19,2   1,3  11,3   12:47   SSE
14  11,5  16,8   14:47   6,1   02:07   6,8   0,0   0,0   4,6  33,8   14:34     N
15  11,6  13,4   14:17   9,3   22:29   6,7   0,0   3,6   6,4  46,7   21:10     N
16  10,6  13,1   15:30   7,9   05:54   7,7   0,0  17,2   4,6  27,4   01:01    SE
17  11,3  15,2   18:13   7,7   05:36   7,0   0,0   3,8   1,2  14,5   03:21   ESE
18  13,9  19,7   17:05   9,8   02:59   4,5   0,1   0,2   3,6  30,6   15:42    SW
19  16,0  22,9   16:00   7,1   05:38   3,5   1,2   0,0   4,1  32,2   11:01   SSW
20  18,3  24,4   15:35  12,7   05:24   0,0   0,0   0,0   3,6  29,0   14:03    SW
21  21,8  26,2   17:51  16,2   22:05   0,2   1,4   0,0   5,5  29,0   14:24     S
22  20,9  28,6   18:03  12,2   05:49   1,3   3,9   0,0   5,2  29,0   15:27    SW
23  22,0  27,3   16:40  17,0   06:25   0,0   3,8   0,0   5,9  29,0   17:37   SSW
24  21,0  27,7   16:32  13,1   05:14   0,9   3,5   0,0   4,1  29,0   15:03    SW
25  19,3  25,8   15:54  12,3   05:18   1,5   2,6   0,0   2,0  19,3   13:30   SSE
26  16,9  23,3   11:11  13,1   05:12   2,1   0,7   8,8   1,7  32,2   12:27     S
27  18,2  22,6   12:33  14,8   04:40   1,2   1,1   0,2   5,4  43,5   17:41    SW
28  14,2  16,1   11:23  11,5   22:45   4,1   0,0   5,2   4,9  24,1   00:28   WSW
29  15,6  20,6   12:35  11,1   01:36   3,0   0,3   0,2   1,7  17,7   12:34   ENE
30  12,9  16,8   17:03   7,8   23:56   5,4   0,0   0,0   1,8  16,1   15:48     E
31  12,9  18,2   17:23   7,0   03:06   5,4   0,0   0,0   3,2  29,0   18:37     N
----------------------------------------------------------------------------------
    14,9  28,6    22     1,7     5   132,0  24,0  98,4   3,3  48,3     4     SSW

Max >=  30,0:  0
Max <=   0,0:  0
Min <=   0,0:  0
Min <= -10,0:  0
Max Rain: 33,0 on day 11
Days of Rain: 12 (>= 0,2 mm)  8 (>= 2,0 mm)  1 (>= 20,0 mm)
Heat Base: 18,3  Cool Base: 18,3  Method: Integration