NOAA-Style klimatska poročila


Poročilo za 2014 Februar
                   Monthly Climatological Summary for feb 2014

Name: Bezina   City: Slovenske Konjice   State: SI
Elevation: 344 m  Lat: N 46° 21' 28"   Lon: E 015° 25' 56"

                  Temperature (°C), Rain (mm), Wind Speed (km/h)

                                      Heat  Cool        Avg
    Mean                              Deg   Deg         Wind                 Dom
Day Temp  High   Time   Low    Time   Days  Days  Rain  Speed High   Time    Dir
----------------------------------------------------------------------------------
 1  -3,5  -2,3   00:00  -4,3   09:47  21,8   0,0   0,0   1,0   6,1   01:27    SE
 2  -1,1  -0,2   13:49  -3,1   00:54  19,4   0,0   0,0   1,2   8,0   23:19    SE
 3  -1,6  -0,7   01:06  -2,2   23:49  19,9   0,0   0,0   1,0   6,9   05:33    SE
 4  -2,0  -1,0   23:40  -2,7   09:10  20,3   0,0   0,0   0,4   5,7   07:41    SE
 5   0,2   2,6   14:25  -1,0   00:00  18,1   0,0   0,0   1,3  10,4   20:01   SSE
 6   0,9   3,3   16:05  -0,8   21:08  17,4   0,0   0,0   0,5   8,7   00:18   SSE
 7   7,2  10,1   15:17  -0,7   00:47  11,1   0,0   0,0  12,2  65,6   11:39   WSW
 8   5,7   8,8   00:00   3,6   05:47  12,6   0,0   8,9   3,5  38,5   20:29    SW
 9   6,0   9,4   12:36   2,5   20:23  12,3   0,0   7,5   3,2  28,7   00:39   WSW
10   4,8   9,0   14:17   0,2   04:03  13,5   0,0   1,0   2,7  20,9   14:10   WSW
11   5,9   7,9   04:20   2,8   23:58  12,4   0,0  20,9   1,1  15,6   09:26     N
12   1,5   3,7   15:58  -0,3   20:38  16,8   0,0  16,1   0,8  15,6   23:22     W
13   5,5  10,7   14:33  -0,9   06:26  12,8   0,0   4,5   6,8  40,4   15:07   WSW
14   5,4  10,8   15:02   2,1   19:39  12,9   0,0   4,2   1,5  10,7   03:45     W
15   7,8  11,4   14:32   2,1   03:24  10,5   0,0   0,3  13,3  42,8   18:53   WSW
16  10,6  13,7   13:43   5,3   23:57   7,7   0,0   0,0   6,8  20,2   00:00    SW
17   1,8   5,3   00:00   0,6   10:54  16,5   0,0  24,4   0,4  16,9   00:54   SSE
18   2,3   5,8   13:56  -1,6   07:17  16,0   0,0   4,3   1,1  14,4   15:44   WSW
19   8,6  13,5   13:03   2,4   01:26   9,7   0,0  14,6   3,4  21,3   09:26   WSW
20   5,8   9,5   15:28   3,0   02:37  12,5   0,0   5,1   0,2   9,6   13:42     S
21   7,4  11,1   14:33   4,5   21:50  10,9   0,0   0,0   2,0  14,1   17:43   SSW
22   5,1   6,3   06:44   3,8   22:52  13,2   0,0   7,9   0,4  11,9   07:05   SSE
23   5,1   8,6   15:23   2,5   07:02  13,2   0,0   0,0   1,3  13,0   13:09     S
24   6,7  12,2   14:54   1,4   23:21  11,6   0,0   0,0   2,2  14,4   14:54    SW
25   4,3  11,3   15:50   0,6   23:49  14,0   0,0   0,0   1,7  16,1   15:14    SW
26   8,1  12,5   13:14   0,4   00:13  10,2   0,0   0,0   6,5  36,3   19:54    SW
27   9,5  13,7   13:50   6,3   23:59   8,8   0,0   0,0   5,6  27,0   11:55   WSW
28   6,4  10,8   14:37   2,3   22:21  11,9   0,0   0,0   4,6  33,9   16:07   WSW
----------------------------------------------------------------------------------
     4,4  13,7    16    -4,3     1   388,0   0,0 119,7   3,1  65,6     7     WSW

Max >=  30,0:  0
Max <=   0,0:  4
Min <=   0,0: 10
Min <= -10,0:  0
Max Rain: 24,4 on day 17
Days of Rain: 13 (>= 0,2 mm)  11 (>= 2,0 mm)  2 (>= 20,0 mm)
Heat Base: 18,3  Cool Base: 18,3  Method: Integration