NOAA-Style klimatska poročila


Poročilo za 2013 Avgust
                   Monthly Climatological Summary for avg 2013

Name: Bezina   City: Slovenske Konjice   State: SI
Elevation: 344 m  Lat: N 46° 21' 28"   Lon: E 015° 25' 56"

                  Temperature (°C), Rain (mm), Wind Speed (km/h)

                                      Heat  Cool        Avg
    Mean                              Deg   Deg         Wind                 Dom
Day Temp  High   Time   Low    Time   Days  Days  Rain  Speed High   Time    Dir
----------------------------------------------------------------------------------
 1  22,4  30,7   17:28  14,8   05:20   0,0   4,1   0,0   2,4  15,7   11:23    SE
 2  24,9  34,8   16:35  15,7   05:49   0,0   6,6   0,0   3,1  17,2   12:06   SSW
 3  26,0  36,4   15:09  16,3   05:30   0,0   7,7   0,0   2,0  16,1   14:59   ENE
 4  27,1  35,9   15:59  18,6   05:57   0,0   8,8   0,0   3,9   4,3   00:00   NNW
 5  25,1  33,6   15:48  17,2   06:03   0,0   6,8   0,0   2,3  14,1   12:16     S
 6  26,7  35,8   15:16  18,9   05:41   0,0   8,4   0,0   2,2  19,8   16:50    SE
 7  26,4  36,2   16:53  17,6   06:22   0,0   8,1   0,0   2,7  16,1   18:45   SSE
 8  27,8  38,5   16:01  18,2   06:05   0,0   9,5   0,0   2,9  20,6   13:23   SSW
 9  24,1  30,7   15:41  19,7   23:16   0,0   5,8   1,3   3,2  23,7   17:03   WNW
10  20,8  26,7   15:17  15,6   23:57   0,0   2,5   0,6   2,7  18,3   13:42   NNE
11  20,7  28,9   16:02  12,6   05:47   0,0   2,4   0,0   3,2  16,9   12:40     E
12  21,3  29,6   15:40  13,3   05:18   0,0   3,0   0,0   2,9  19,1   13:21   SSE
13  21,0  30,9   15:30  14,2   05:47   0,0   2,7  17,1   2,9  36,3   17:46     E
14  15,8  17,7   00:00  14,2   23:40   2,5   0,0   9,0   1,6  10,0   04:19    NW
15  16,9  24,0   15:48  10,9   06:25   1,4   0,0   0,0   2,2  17,6   12:50     E
16  17,6  26,1   17:25  10,0   05:37   0,7   0,0   0,0   2,2  16,5   14:37   ENE
17  19,8  28,7   16:07  11,6   05:58   0,0   1,5   0,0   2,0  14,4   12:49   SSE
18  22,2  31,1   16:33  13,1   06:21   0,0   3,9   0,0   2,4  17,2   11:57   SSW
19  22,8  31,6   17:43  14,7   06:30   0,0   4,5   0,0   2,5  20,9   23:37   SSW
20  19,1  23,3   00:04  17,2   22:55   0,0   0,8   0,0   5,1  27,4   02:58     W
21  19,2  25,1   15:59  13,1   05:23   0,0   0,9   0,0   2,6  19,1   14:37   ESE
22  19,5  24,3   13:54  14,3   23:56   0,0   1,2   0,0   1,9  13,7   15:07     S
23  18,9  26,1   14:21  11,5   05:25   0,0   0,6   0,0   1,8  14,1   12:49     E
24  17,7  20,2   16:55  15,3   23:51   0,6   0,0  35,8   2,6  16,9   01:38     N
25  16,2  18,0   18:02  14,9   01:42   2,1   0,0   4,2   0,3   8,0   11:22    NE
26  17,5  20,4   12:09  15,0   07:36   0,8   0,0  17,0   1,8  16,1   11:57     S
27  18,1  22,5   17:33  16,0   06:45   0,2   0,0   1,8   0,5  11,1   15:07    NE
28  16,3  20,0   12:29  13,7   23:24   2,0   0,0  21,6   1,0  10,4   06:27    SE
29  16,8  22,3   13:29  12,1   05:29   1,5   0,0   0,0   2,0  13,0   08:38    NW
30  16,7  23,6   15:08   9,9   05:45   1,6   0,0   0,0   2,1  14,1   14:36   SSW
31  17,1  24,8   15:46  10,2   06:06   1,2   0,0   0,0   1,5   9,6   11:53    SE
----------------------------------------------------------------------------------
    20,7  38,5     8     9,9    30    14,6  89,8 108,4   2,3  36,3    13     SSE

Max >=  30,0: 12
Max <=   0,0:  0
Min <=   0,0:  0
Min <= -10,0:  0
Max Rain: 35,8 on day 24
Days of Rain: 9 (>= 0,2 mm)  6 (>= 2,0 mm)  2 (>= 20,0 mm)
Heat Base: 18,3  Cool Base: 18,3  Method: Integration