NOAA-Style klimatska poročila


Poročilo za 2013 Julij
                   Monthly Climatological Summary for jul 2013

Name: Bezina   City: Slovenske Konjice   State: SI
Elevation: 344 m  Lat: N 46° 21' 28"   Lon: E 015° 25' 56"

                  Temperature (°C), Rain (mm), Wind Speed (km/h)

                                      Heat  Cool        Avg
    Mean                              Deg   Deg         Wind                 Dom
Day Temp  High   Time   Low    Time   Days  Days  Rain  Speed High   Time    Dir
----------------------------------------------------------------------------------
 1  16,2  23,6   15:04   9,3   04:22   2,1   0,0   0,3   2,8  20,6   13:42     S
 2  19,8  27,2   16:53  11,3   05:20   0,0   1,5   0,0   3,2  20,6   10:45     S
 3  20,0  28,7   15:32  13,1   05:22   0,0   1,7  14,2   2,9  23,3   17:33   SSW
 4  20,8  28,1   18:01  13,0   05:31   0,0   2,5   0,0   2,3  17,2   13:25   ENE
 5  21,6  28,4   16:56  15,4   05:02   0,0   3,3   0,6   3,1  23,3   18:22   NNE
 6  19,5  25,5   14:25  15,8   05:40   0,0   1,2  24,9   2,4  20,2   12:28     N
 7  20,9  27,5   16:55  16,6   02:17   0,0   2,6   8,2   1,8  15,7   16:18    NE
 8  21,9  27,3   17:33  17,0   23:54   0,0   3,6   0,3   2,5  16,5   14:46     E
 9  21,0  27,6   17:10  14,2   05:35   0,0   2,7   0,0   2,1  15,6   16:53    SE
10  21,2  28,3   14:42  15,0   05:31   0,0   2,9   0,0   2,0  16,1   16:19     N
11  20,2  24,1   13:31  16,4   23:48   0,0   1,9   6,7   3,1  17,6   03:17   NNW
12  17,6  23,5   17:54  12,9   04:07   0,7   0,0   0,0   1,5  11,9   12:45     S
13  18,7  25,4   16:03  13,5   05:50   0,0   0,4   0,0   1,8  13,0   14:07   ESE
14  18,7  25,8   17:29  13,0   06:02   0,0   0,4   0,0   1,4  15,7   11:22   ENE
15  20,2  27,6   14:51  13,6   03:32   0,0   1,9   0,0   2,0  19,1   10:20     W
16  19,4  25,8   15:46  12,3   05:52   0,0   1,1   0,0   2,6  15,7   13:07   ESE
17  19,9  27,6   15:53  12,5   05:36   0,0   1,6   0,0   2,3  17,6   16:53   SSE
18  21,0  28,5   16:33  13,4   05:46   0,0   2,7   0,0   2,3  17,2   13:51   ESE
19  21,8  29,7   16:46  14,3   05:22   0,0   3,5   0,0   2,0  15,6   12:30   ESE
20  23,5  30,6   17:08  16,9   04:14   0,0   5,2   0,0   2,6  14,8   12:24    NE
21  22,8  27,8   15:38  15,7   23:58   0,0   4,5   0,0   2,9  17,2   17:26   ESE
22  21,3  29,7   16:25  13,1   05:54   0,0   3,0   0,0   2,4  14,4   10:58   ESE
23  23,1  31,6   15:10  14,2   05:29   0,0   4,8   0,0   2,3  13,0   15:49    SE
24  21,8  30,1   14:31  16,1   05:35   0,0   3,5   2,1   2,6  14,1   14:31    NE
25  23,8  30,4   16:02  17,6   04:48   0,0   5,5   0,0   2,6  20,6   01:45   SSW
26  24,9  32,4   16:55  17,2   04:08   0,0   6,6   0,0   2,2  17,2   13:17     S
27  26,0  34,7   17:09  18,2   06:03   0,0   7,7   0,0   2,4  15,7   13:18     S
28  29,3  36,3   16:48  21,7   05:08   0,0  11,0   0,0   5,1  23,7   21:19   WSW
29  28,8  36,0   14:55  22,4   23:47   0,0  10,5   0,2   8,3  63,0   18:33   WSW
30  22,8  28,6   17:06  16,1   23:55   0,0   4,5   0,3   3,7  36,7   02:26   WNW
31  21,6  30,3   17:25  13,6   05:36   0,0   3,3   0,0   2,6  15,6   16:53   NNE
----------------------------------------------------------------------------------
    21,6  36,3    28     9,3     1     2,8 105,6  57,8   2,7  63,0    29      SE

Max >=  30,0:  9
Max <=   0,0:  0
Min <=   0,0:  0
Min <= -10,0:  0
Max Rain: 24,9 on day 6
Days of Rain: 10 (>= 0,2 mm)  5 (>= 2,0 mm)  1 (>= 20,0 mm)
Heat Base: 18,3  Cool Base: 18,3  Method: Integration