NOAA-Style klimatska poročila
Izberi mesečna ali letna poročila
2024: Jan Feb Mar Apr Maj Jun Jul Avg Sep Okt Nov Dec
2023: Jan Feb Mar Apr Maj Jun Jul Avg Sep Okt Nov Dec
2022: Jan Feb Mar Apr Maj Jun Jul Avg Sep Okt Nov Dec
2021: Jan Feb Mar Apr Maj Jun Jul Avg Sep Okt Nov Dec
2020: Jan Feb Mar Apr Maj Jun Jul Avg Sep Okt Nov Dec
2019: Jan Feb Mar Apr Maj Jun Jul Avg Sep Okt Nov Dec
2018: Jan Feb Mar Apr Maj Jun Jul Avg Sep Okt Nov Dec
2017: Jan Feb Mar Apr Maj Jun Jul Avg Sep Okt Nov Dec
2016: Jan Feb Mar Apr Maj Jun Jul Avg Sep Okt Nov Dec
2015: Jan Feb Mar Apr Maj Jun Jul Avg Sep Okt Nov Dec
2014: Jan Feb Mar Apr Maj Jun Jul Avg Sep Okt Nov Dec
2013: Jan Feb Mar Apr Maj Jun Jul Avg Sep Okt Nov Dec
2012: Jan Feb Mar Apr Maj Jun Jul Avg Sep Okt Nov Dec
2011: Jan Feb Mar Apr Maj Jun Jul Avg Sep Okt Nov Dec
2024: Jan Feb Mar Apr Maj Jun Jul Avg Sep Okt Nov Dec
2023: Jan Feb Mar Apr Maj Jun Jul Avg Sep Okt Nov Dec
2022: Jan Feb Mar Apr Maj Jun Jul Avg Sep Okt Nov Dec
2021: Jan Feb Mar Apr Maj Jun Jul Avg Sep Okt Nov Dec
2020: Jan Feb Mar Apr Maj Jun Jul Avg Sep Okt Nov Dec
2019: Jan Feb Mar Apr Maj Jun Jul Avg Sep Okt Nov Dec
2018: Jan Feb Mar Apr Maj Jun Jul Avg Sep Okt Nov Dec
2017: Jan Feb Mar Apr Maj Jun Jul Avg Sep Okt Nov Dec
2016: Jan Feb Mar Apr Maj Jun Jul Avg Sep Okt Nov Dec
2015: Jan Feb Mar Apr Maj Jun Jul Avg Sep Okt Nov Dec
2014: Jan Feb Mar Apr Maj Jun Jul Avg Sep Okt Nov Dec
2013: Jan Feb Mar Apr Maj Jun Jul Avg Sep Okt Nov Dec
2012: Jan Feb Mar Apr Maj Jun Jul Avg Sep Okt Nov Dec
2011: Jan Feb Mar Apr Maj Jun Jul Avg Sep Okt Nov Dec
Poročilo za 2013 Maj
Monthly Climatological Summary for maj 2013 Name: Bezina City: Slovenske Konjice State: SI Elevation: 344 m Lat: N 46° 21' 28" Lon: E 015° 25' 56" Temperature (°C), Rain (mm), Wind Speed (km/h) Heat Cool Avg Mean Deg Deg Wind Dom Day Temp High Time Low Time Days Days Rain Speed High Time Dir ---------------------------------------------------------------------------------- 1 20,8 28,9 15:39 13,0 04:32 0,0 2,5 0,0 2,6 19,4 15:02 SSW 2 17,6 20,3 13:58 13,8 23:59 0,7 0,0 7,5 1,4 15,6 10:13 E 3 18,3 24,2 15:26 13,1 04:53 0,0 0,0 2,6 4,6 21,3 11:34 WSW 4 14,8 20,0 14:39 10,7 06:06 3,5 0,0 1,1 1,8 16,1 19:27 NE 5 13,2 15,0 15:15 12,3 01:47 5,1 0,0 20,6 1,3 10,4 09:47 S 6 14,3 16,5 16:13 12,5 03:24 4,0 0,0 23,5 1,0 12,6 23:15 S 7 16,0 21,3 16:47 13,0 22:48 2,3 0,0 29,5 2,3 29,1 19:23 ENE 8 16,1 22,2 16:35 10,6 06:18 2,2 0,0 0,6 2,1 17,6 13:41 E 9 17,0 23,1 15:04 11,1 05:55 1,3 0,0 0,0 1,4 14,8 10:48 SE 10 16,2 22,7 14:16 10,2 05:44 2,1 0,0 1,6 2,3 24,4 16:15 SSW 11 13,5 15,1 00:00 12,3 07:54 4,8 0,0 5,6 1,2 10,0 12:23 SSW 12 13,8 17,2 16:21 10,7 05:46 4,5 0,0 0,0 1,9 10,4 11:25 W 13 12,8 17,7 18:03 7,4 06:32 5,5 0,0 0,0 1,8 20,6 12:16 S 14 13,9 20,9 15:14 6,1 05:50 4,4 0,0 0,0 2,6 20,6 14:09 SSE 15 15,5 23,9 15:54 8,3 03:50 2,8 0,0 1,6 3,2 28,3 18:54 S 16 14,0 19,2 12:35 9,0 05:21 4,3 0,0 3,4 1,3 21,7 14:16 E 17 14,2 17,0 11:29 11,7 05:39 4,1 0,0 18,4 2,1 26,3 17:19 WNW 18 16,4 21,1 15:52 9,9 05:57 1,9 0,0 0,0 7,3 39,3 12:09 SW 19 16,5 24,5 15:04 9,0 05:34 1,8 0,0 0,3 3,8 43,5 16:11 SW 20 16,0 20,1 15:22 12,3 05:27 2,3 0,0 0,3 7,7 38,2 13:33 SW 21 15,9 20,8 15:59 11,4 05:59 2,4 0,0 0,0 6,9 32,8 13:29 SW 22 15,2 20,9 15:41 9,5 06:15 3,1 0,0 0,0 3,4 20,2 02:12 W 23 13,1 15,7 16:12 10,7 06:31 5,2 0,0 0,0 3,1 17,6 05:51 E 24 10,5 13,0 11:12 8,5 05:17 7,8 0,0 3,7 1,6 19,8 09:54 WSW 25 9,6 12,5 13:15 7,5 05:48 8,7 0,0 3,2 1,3 12,6 13:31 WNW 26 10,7 15,7 15:32 8,2 05:50 7,6 0,0 5,3 2,2 16,5 21:12 WSW 27 13,8 19,5 16:05 9,4 00:30 4,5 0,0 0,0 5,8 34,3 17:35 WSW 28 16,0 20,7 15:13 10,4 05:07 2,3 0,0 0,0 6,0 30,9 15:36 SW 29 15,2 21,0 13:06 8,9 05:33 3,1 0,0 0,0 3,3 27,8 15:31 WSW 30 11,2 15,2 00:31 8,9 23:24 7,1 0,0 23,8 3,3 22,0 01:36 WSW 31 10,5 13,1 14:58 8,4 04:33 7,8 0,0 9,2 2,4 13,7 06:20 WSW ---------------------------------------------------------------------------------- 14,6 28,9 1 6,1 14 117,2 2,5 161,8 3,0 43,5 19 SW Max >= 30,0: 0 Max <= 0,0: 0 Min <= 0,0: 0 Min <= -10,0: 0 Max Rain: 29,5 on day 7 Days of Rain: 19 (>= 0,2 mm) 13 (>= 2,0 mm) 4 (>= 20,0 mm) Heat Base: 18,3 Cool Base: 18,3 Method: Integration