NOAA-Style klimatska poročila


Poročilo za 2013 April
                   Monthly Climatological Summary for apr 2013

Name: Bezina   City: Slovenske Konjice   State: SI
Elevation: 344 m  Lat: N 46° 21' 28"   Lon: E 015° 25' 56"

                  Temperature (°C), Rain (mm), Wind Speed (km/h)

                                      Heat  Cool        Avg
    Mean                              Deg   Deg         Wind                 Dom
Day Temp  High   Time   Low    Time   Days  Days  Rain  Speed High   Time    Dir
----------------------------------------------------------------------------------
 1   1,6   2,6   17:41   0,5   09:22  16,7   0,0   1,3   1,3   9,6   10:13     E
 2   1,6   2,7   13:42   0,0   17:34  16,7   0,0   7,5   1,9  13,7   22:22     S
 3   1,7   3,0   15:37   0,7   01:26  16,6   0,0   3,7   1,2   9,4   16:35   ENE
 4   4,5   9,2   15:22  -0,1   07:17  13,8   0,0   0,0   2,0  16,1   13:53     W
 5   4,8   6,1   14:38   2,8   05:25  13,5   0,0   5,6   0,7   8,0   15:18     S
 6   5,4   6,3   16:23   4,5   23:59  12,9   0,0   4,0   1,4   8,7   12:58   ENE
 7   5,1   7,2   13:54   3,5   07:36  13,2   0,0   0,0   3,3  20,9   16:51   ENE
 8   5,5  10,4   16:19   1,3   06:20  12,8   0,0   0,0   2,1  17,6   11:04   SSW
 9   9,0  13,8   14:25   3,3   01:16   9,3   0,0   0,0   6,3  31,3   18:16    SW
10  10,6  16,4   14:07   5,1   23:21   7,7   0,0   0,3   4,6  21,3   15:41   WSW
11  11,0  17,3   17:05   2,5   04:31   7,3   0,0   0,0   6,8  38,5   15:42   WSW
12  12,2  15,4   12:33   8,5   23:48   6,1   0,0  10,0   9,1  47,4   08:03    SW
13  11,8  18,4   16:48   7,6   23:54   6,5   0,0   5,3   4,5  27,0   05:53   WSW
14  12,7  19,9   14:30   5,2   05:05   5,6   0,0   0,0   2,1  15,7   13:53   ENE
15  13,5  19,9   15:00   6,7   06:45   4,8   0,0   0,0   2,1  19,4   10:34     E
16  12,7  19,0   18:07   7,6   06:00   5,6   0,0   0,0   1,2  12,6   16:43   SSW
17  13,6  21,8   13:56   6,0   03:27   4,7   0,0   0,3   1,3  16,1   13:07     E
18  16,7  25,3   16:08   8,5   06:38   1,6   0,0   0,0   2,2  23,3   11:51     S
19  16,6  22,8   13:39   9,8   06:09   1,7   0,0   0,0   2,1  20,6   15:20   ENE
20  13,5  18,6   16:15   8,7   04:33   4,8   0,0   0,0   2,3  19,4   13:00   ESE
21  13,8  20,8   16:13   6,5   06:24   4,5   0,0   0,0   3,0  20,2   22:10     E
22  13,1  17,4   15:16  10,1   05:55   5,2   0,0   7,2   3,2  23,3   15:47    NW
23  14,6  20,4   16:18  10,3   22:48   3,7   0,0   1,6   3,4  20,9   11:46   WSW
24  16,3  23,7   17:24   8,9   03:43   2,0   0,0   0,0   4,6  26,7   14:38    SW
25  17,7  25,5   16:46   8,6   06:17   0,6   0,0   0,0   2,5  16,1   12:54     S
26  19,3  26,0   14:55  11,0   03:35   0,0   1,0   0,0   6,9  39,6   23:16   WSW
27  17,8  21,6   13:05  14,1   23:08   0,5   0,0   0,5   7,3  28,2   10:37   WSW
28  17,7  22,5   15:46  13,4   06:25   0,6   0,0   0,0   6,6  31,3   12:22   WSW
29  18,3  22,9   11:58  11,6   05:27   0,0   0,0   0,0   5,1  33,5   12:23     W
30  19,7  27,1   15:01  11,3   06:27   0,0   1,4   0,0   4,1  28,3   18:18    SW
----------------------------------------------------------------------------------
    11,7  27,1    30    -0,1     4   199,0   2,4  47,3   3,5  47,4    12      SW

Max >=  30,0:  0
Max <=   0,0:  0
Min <=   0,0:  2
Min <= -10,0:  0
Max Rain: 10,0 on day 12
Days of Rain: 12 (>= 0,2 mm)  7 (>= 2,0 mm)  0 (>= 20,0 mm)
Heat Base: 18,3  Cool Base: 18,3  Method: Integration