NOAA-Style klimatska poročila


Poročilo za 2013 Marec
                   Monthly Climatological Summary for mar 2013

Name: Bezina   City: Slovenske Konjice   State: SI
Elevation: 344 m  Lat: N 46° 21' 28"   Lon: E 015° 25' 56"

                  Temperature (°C), Rain (mm), Wind Speed (km/h)

                                      Heat  Cool        Avg
    Mean                              Deg   Deg         Wind                 Dom
Day Temp  High   Time   Low    Time   Days  Days  Rain  Speed High   Time    Dir
----------------------------------------------------------------------------------
 1   2,6   8,6   14:38  -2,7   07:00  15,7   0,0   0,0   2,1  15,6   01:25   SSE
 2   2,4   7,2   15:29  -1,7   23:41  15,9   0,0   0,3   2,0  18,0   12:08   SSE
 3   1,6  10,0   15:39  -4,3   06:19  16,7   0,0   0,0   1,4  11,9   14:40     S
 4   0,7   8,0   15:50  -3,4   04:58  17,6   0,0   0,0   1,4  13,0   11:43     S
 5   4,5  10,8   16:15  -2,7   06:50  13,8   0,0   0,0   3,5  21,3   22:49    SW
 6   9,3  10,9   14:24   7,9   23:32   9,0   0,0   0,0   5,3  24,4   11:56   WSW
 7  10,3  14,6   15:26   5,7   06:53   8,0   0,0   0,3   4,4  24,8   12:23     W
 8  12,8  15,9   12:25  10,9   22:57   5,5   0,0   0,0   8,7  42,4   13:02   WSW
 9  10,0  13,6   14:36   5,8   06:54   8,3   0,0   0,5   1,9  13,7   01:58   WSW
10   7,3   9,1   00:31   3,2   22:24  11,0   0,0  10,8   1,7  11,9   12:58     W
11   7,2  13,7   16:37   2,4   05:28  11,1   0,0   0,0   1,9  10,4   03:43   NNE
12   4,2   5,6   17:00   1,7   02:27  14,1   0,0   3,2   0,8  10,4   06:02     S
13   4,2   6,0   16:25   1,5   06:12  14,1   0,0   8,4   0,9   8,0   09:10   ESE
14   1,0   4,0   00:00  -0,8   23:46  17,3   0,0   0,3   5,0  29,8   23:07     S
15   0,2   3,1   14:19  -3,3   23:55  18,1   0,0   0,3   4,9  35,9   12:28   NNE
16  -1,3   4,2   14:47  -6,4   06:11  19,6   0,0   0,0   2,2  19,8   13:32    SE
17   1,4   4,6   10:58  -4,4   01:33  16,9   0,0   0,0   4,0  20,9   11:46   WSW
18   2,5   5,0   23:56   1,0   13:31  15,8   0,0  20,9   1,7  27,4   22:54   WSW
19   7,7  13,6   14:57   4,1   04:19  10,6   0,0   0,3   6,1  24,4   01:16     W
20   8,9  12,3   14:56   1,9   05:25   9,4   0,0   0,0   5,2  27,4   10:29   WSW
21   7,7  12,4   14:40   0,1   23:59  10,6   0,0   0,0   4,0  31,7   03:17   NNE
22   3,2  10,5   14:48  -3,1   05:41  15,1   0,0   0,0   2,6  16,5   13:36     E
23   0,5   4,8   14:17  -2,9   02:17  17,8   0,0   0,0   2,8  16,1   14:33     E
24  -1,7  -0,5   12:28  -3,5   23:39  20,0   0,0   0,0   2,6  14,8   13:39    SE
25  -3,7  -2,9   23:57  -4,4   03:39  22,0   0,0   0,0   2,4  16,1   09:51   ESE
26  -2,4  -1,1   12:20  -3,7   23:30  20,7   0,0   0,0   2,5  14,1   12:41     E
27  -1,4   1,3   15:07  -4,2   01:56  19,7   0,0   3,7   1,1  10,4   23:43   SSW
28   1,7   9,4   16:18  -6,6   05:50  16,6   0,0  12,5   2,6  17,2   13:09    SW
29   2,6   3,6   11:05   1,6   19:29  15,7   0,0  15,4   0,6   8,0   14:16    SE
30   2,9   4,1   14:45   1,6   05:31  15,4   0,0  14,6   0,9   8,0   10:23    SE
31   3,6   4,7   13:10   2,1   23:50  14,7   0,0  13,6   1,7  12,2   23:08   SSE
----------------------------------------------------------------------------------
     3,6  15,9     8    -6,6    28   456,8   0,0 105,1   2,9  42,4     8      SW

Max >=  30,0:  0
Max <=   0,0:  3
Min <=   0,0: 16
Min <= -10,0:  0
Max Rain: 20,9 on day 18
Days of Rain: 15 (>= 0,2 mm)  9 (>= 2,0 mm)  1 (>= 20,0 mm)
Heat Base: 18,3  Cool Base: 18,3  Method: Integration