NOAA-Style klimatska poročila


Poročilo za 2013 Februar
                   Monthly Climatological Summary for feb 2013

Name: Bezina   City: Slovenske Konjice   State: SI
Elevation: 344 m  Lat: N 46° 21' 28"   Lon: E 015° 25' 56"

                  Temperature (°C), Rain (mm), Wind Speed (km/h)

                                      Heat  Cool        Avg
    Mean                              Deg   Deg         Wind                 Dom
Day Temp  High   Time   Low    Time   Days  Days  Rain  Speed High   Time    Dir
----------------------------------------------------------------------------------
 1   6,4   9,9   22:56   0,1   06:15  11,9   0,0   0,0   3,3  38,9   23:51   WSW
 2   7,3  11,5   10:22   2,7   23:12  11,0   0,0  19,7   6,8  38,9   00:56   WSW
 3   2,4   6,3   13:15  -2,4   22:56  15,9   0,0   0,3   3,2  21,3   02:50   ENE
 4   4,1   8,9   14:43  -2,3   00:32  14,2   0,0   0,0   5,8  28,7   22:10     W
 5   6,4   8,5   15:02   4,1   21:55  11,9   0,0   0,0   8,5  49,3   13:06     W
 6   1,9   5,9   00:00  -0,2   23:59  16,4   0,0   6,4   1,2  10,0   08:43    NE
 7   0,1   4,4   14:08  -3,9   04:08  18,2   0,0   5,8   1,2  11,9   15:20   WSW
 8  -0,9   2,0   13:48  -3,9   07:01  19,2   0,0   0,5   1,5  11,5   13:23   NNW
 9  -1,7  -0,8   14:58  -2,8   23:56  20,0   0,0   0,0   1,3  12,2   17:08   SSE
10  -3,1   1,1   13:13  -8,0   23:56  21,4   0,0   0,0   1,3  13,0   14:03   WSW
11  -4,0   0,3   12:33  -9,8   05:54  22,3   0,0   0,0   1,2  10,4   10:20   WSW
12  -1,8  -0,9   15:39  -2,5   20:03  20,1   0,0   0,0   0,9   7,6   02:13   SSW
13  -0,6   0,5   15:20  -1,8   01:02  18,9   0,0   0,0   0,7   6,9   08:26   SSW
14   0,3   1,6   12:29  -0,6   07:09  18,0   0,0   0,0   0,2   5,7   14:05    SE
15   1,0   3,3   15:12  -0,2   23:36  17,3   0,0   0,0   0,6   8,0   12:01    NE
16   1,4   5,6   14:21  -0,1   00:23  16,9   0,0   0,0   0,6   6,9   10:13    NE
17   1,1   2,6   15:12  -0,4   07:36  17,2   0,0   0,0   1,1  10,0   21:46   ENE
18   0,6   3,1   16:10  -2,8   21:22  17,7   0,0   0,0   1,2  13,7   12:53     E
19  -0,2   4,6   14:12  -6,1   07:24  18,5   0,0   0,0   2,3  15,7   13:22    SW
20  -0,2   0,7   13:38  -1,5   22:33  18,5   0,0   0,0   1,2  14,1   11:26   ENE
21  -1,8   0,6   12:33  -3,7   23:12  20,1   0,0   0,0   2,9  19,8   10:50     E
22  -3,6  -1,9   15:03  -5,2   06:22  21,9   0,0   0,0   1,8  10,0   17:04   SSE
23  -1,2   1,9   12:25  -3,9   01:01  19,5   0,0   0,0   1,9  13,7   13:35   SSE
24   0,4   1,6   16:03  -0,8   03:55  17,9   0,0   0,0   0,5   8,7   12:09     S
25   3,1   8,4   12:47   0,3   05:38  15,2   0,0   0,0   1,9  16,5   11:20   NNE
26   2,3   4,7   13:58   0,7   03:29  16,0   0,0   9,6   0,6  10,4   03:21    NE
27   1,7   3,0   15:06   0,6   07:07  16,6   0,0   6,4   0,5  10,4   04:10     W
28   2,6   5,8   13:38  -0,2   23:23  15,7   0,0   0,5   0,6   8,0   12:58     S
----------------------------------------------------------------------------------
     0,9  11,5     2    -9,8    11   488,4   0,0  49,2   2,0  49,3     5     WSW

Max >=  30,0:  0
Max <=   0,0:  3
Min <=   0,0: 22
Min <= -10,0:  0
Max Rain: 19,7 on day 2
Days of Rain: 8 (>= 0,2 mm)  5 (>= 2,0 mm)  0 (>= 20,0 mm)
Heat Base: 18,3  Cool Base: 18,3  Method: Integration