NOAA-Style klimatska poročila


Poročilo za 2013 Januar
                   Monthly Climatological Summary for jan 2013

Name: Bezina   City: Slovenske Konjice   State: SI
Elevation: 344 m  Lat: N 46° 21' 28"   Lon: E 015° 25' 56"

                  Temperature (°C), Rain (mm), Wind Speed (km/h)

                                      Heat  Cool        Avg
    Mean                              Deg   Deg         Wind                 Dom
Day Temp  High   Time   Low    Time   Days  Days  Rain  Speed High   Time    Dir
----------------------------------------------------------------------------------
 1   4,6   9,6   13:13  -2,6   02:46  13,7   0,0   0,0   6,0  27,8   10:25   WSW
 2   0,9   5,6   01:54  -2,2   08:28  17,4   0,0   0,0   2,0  18,0   00:49    SW
 3   5,9   8,7   15:11   1,1   00:18  12,4   0,0   0,0   5,0  27,0   20:36   WSW
 4   7,0  11,1   11:25   1,5   07:57  11,3   0,0   0,0   2,9  22,2   00:20     W
 5   8,1  14,0   15:00   4,5   06:44  10,2   0,0   0,0   2,0  23,7   07:02   ENE
 6   4,1   7,2   13:35   0,3   23:57  14,2   0,0   0,0   1,1  10,0   19:08   ENE
 7   0,6   2,7   08:38  -0,3   00:57  17,7   0,0   0,3   1,2  19,8   05:26     E
 8   1,6   3,9   14:45   0,1   05:39  16,7   0,0   0,3   1,9  14,1   06:58   NNE
 9   3,2   7,5   14:11   0,6   21:17  15,1   0,0   0,0   1,3  21,3   23:48    NW
10   5,7  10,0   13:33   2,1   23:04  12,6   0,0   0,0   5,1  27,8   00:20     W
11   2,0   5,2   14:41  -0,2   23:21  16,3   0,0   0,0   2,4  14,1   15:38   ENE
12  -0,2   5,1   14:32  -4,2   22:55  18,5   0,0   0,0   2,6  21,3   12:06   WSW
13  -1,8  -1,3   14:35  -2,9   00:00  20,1   0,0   0,0   1,8   9,4   13:44   SSE
14  -2,3  -1,9   12:10  -2,7   03:45  20,6   0,0   0,0   0,7   6,9   01:51   ESE
15  -0,8   0,9   13:09  -2,1   00:00  19,1   0,0   0,0   0,6   8,0   23:23   ENE
16  -1,1  -0,5   00:00  -1,9   08:06  19,4   0,0   0,0   2,1  13,0   08:03   SSE
17  -0,5   0,9   11:42  -1,4   00:00  18,8   0,0   0,0   1,2  14,8   15:03     S
18  -1,1   0,0   13:41  -1,8   06:23  19,4   0,0   0,0   2,0   9,6   01:24     S
19   0,0   4,5   20:17  -3,6   05:53  18,3   0,0   0,0   3,2  33,5   20:14    SW
20   3,7   8,4   23:10   1,8   07:25  14,6   0,0   0,3   2,6  20,6   03:00     W
21   3,3   6,5   00:02   0,8   23:42  15,0   0,0   4,2   1,1  10,4   01:37     S
22   1,0   2,0   14:10   0,4   05:28  17,3   0,0   3,5   0,7   8,7   14:37    NE
23   1,2   5,1   13:32  -1,0   21:02  17,1   0,0   0,8   1,6  17,6   11:43    SW
24   0,5   1,4   18:22  -0,6   23:02  17,8   0,0   0,5   2,2  15,7   18:15     S
25  -2,3   0,3   14:13  -5,9   22:36  20,6   0,0   1,1   2,6  14,1   12:02   SSE
26  -5,6  -1,6   14:15  -9,0   23:58  23,9   0,0   0,3   1,2   9,4   14:25     S
27  -2,1   3,4   14:12  -9,0   00:00  20,4   0,0   0,8   3,3  20,2   12:49    SW
28  -0,6   0,7   14:08  -2,0   06:17  18,9   0,0   0,2   1,4  14,1   00:58    SE
29   3,3   6,5   16:24  -3,3   02:18  15,0   0,0   0,3   6,0  29,8   09:47   WSW
30   6,5   9,9   13:23   2,3   07:41  11,8   0,0   0,0   7,5  39,3   22:17     W
31   7,7  15,4   13:46   0,5   08:10  10,6   0,0   0,0   5,4  32,0   12:01     W
----------------------------------------------------------------------------------
     1,7  15,4    31    -9,0    26   514,8   0,0  12,6   2,6  39,3    30     WSW

Max >=  30,0:  0
Max <=   0,0:  5
Min <=   0,0: 19
Min <= -10,0:  0
Max Rain: 4,2 on day 21
Days of Rain: 12 (>= 0,2 mm)  2 (>= 2,0 mm)  0 (>= 20,0 mm)
Heat Base: 18,3  Cool Base: 18,3  Method: Integration