NOAA-Style klimatska poročila


Poročilo za 2012 December
                   Monthly Climatological Summary for dec 2012

Name: Bezina   City: Slovenske Konjice   State: SI
Elevation: 344 m  Lat: N 46° 21' 28"   Lon: E 015° 25' 56"

                  Temperature (°C), Rain (mm), Wind Speed (km/h)

                                      Heat  Cool        Avg
    Mean                              Deg   Deg         Wind                 Dom
Day Temp  High   Time   Low    Time   Days  Days  Rain  Speed High   Time    Dir
----------------------------------------------------------------------------------
 1   2,7   3,8   14:23   2,1   07:16  15,6   0,0   0,0   0,5   7,2   10:06    NE
 2   1,5   2,3   00:00   0,4   23:36  16,8   0,0   3,7   1,0   8,7   10:21    SE
 3   0,9   5,5   12:20  -1,5   18:55  17,4   0,0   1,3   1,2  11,9   12:09     S
 4   1,7   5,8   11:35  -1,9   03:20  16,6   0,0   3,2   3,1  20,6   12:08   WNW
 5   1,1   4,7   12:11  -1,9   23:08  17,2   0,0   6,3   2,6  14,1   13:00   NNW
 6   0,0   3,3   12:43  -2,7   06:12  18,3   0,0   0,9   3,0  19,1   13:46     W
 7  -1,9   1,0   14:36  -5,4   07:05  20,2   0,0   0,0   1,4  11,5   13:17   NNE
 8  -3,1  -1,3   23:47  -4,2   17:56  21,4   0,0   0,0   4,7  31,3   11:49   ENE
 9  -2,2   2,7   14:19  -7,2   18:54  20,5   0,0   0,0   3,1  25,9   01:23   WNW
10  -3,3   2,1   11:37  -6,5   03:56  21,6   0,0   0,0   2,0  16,9   06:59   ENE
11  -4,0   2,9   14:51  -8,0   03:28  22,3   0,0   0,0   0,8   9,6   02:17     E
12  -5,2   0,4   13:13  -9,2   21:22  23,5   0,0   0,0   1,1   9,6   12:37   ENE
13  -2,2   2,4   23:18 -10,8   02:34  20,5   0,0   0,0   4,5  23,3   20:47     W
14   5,4   8,1   23:56   2,2   00:09  12,9   0,0   0,0   7,1  28,3   08:33   WSW
15   8,1  10,0   10:32   5,9   23:52  10,2   0,0  12,5   5,0  26,7   01:56   WSW
16   4,2   9,1   13:33   0,7   05:54  14,1   0,0   0,0   2,3  21,3   13:44     W
17   3,7   5,4   13:32   2,2   07:55  14,6   0,0   0,0   1,3   9,4   05:57   ENE
18   2,5   3,8   14:40   0,6   07:08  15,8   0,0   0,5   0,7   8,0   16:59     S
19   3,0   7,4   13:11  -0,3   23:50  15,3   0,0   0,5   1,4  12,2   08:53     W
20   0,3   6,5   13:26  -3,1   07:22  18,0   0,0   0,0   1,3  10,4   12:30   WSW
21  -0,5   0,7   13:05  -2,8   00:00  18,8   0,0   0,0   0,3   6,1   13:39   SSE
22   0,8   2,2   14:07   0,1   00:24  17,5   0,0   0,0   1,2  14,8   14:25    SW
23   3,0   7,9   23:58  -0,4   02:44  15,3   0,0   0,0   4,1  28,2   13:41     W
24   9,1  11,2   13:43   6,6   07:02   9,2   0,0   0,0  12,3  44,6   16:34     W
25  11,4  12,8   12:40  10,0   00:00   6,9   0,0   0,0  14,2  55,4   10:49   WSW
26   9,5  12,4   02:52   3,3   23:59   8,8   0,0  12,5   4,2  36,7   03:05     W
27   6,2   9,8   14:29   2,0   00:58  12,1   0,0   0,0   5,9  24,8   18:28     W
28   6,0  11,1   13:28  -1,0   23:48  12,3   0,0   0,0   4,2  30,9   00:26    NW
29   0,2   5,4   14:11  -3,7   23:54  18,1   0,0   0,0   1,2  10,7   14:38   WSW
30  -2,3   2,8   14:58  -5,1   07:02  20,6   0,0   0,0   0,8   9,4   14:22   ESE
31   1,3   9,6   14:09  -4,7   02:23  17,0   0,0   0,0   2,2  17,2   14:43     W
----------------------------------------------------------------------------------
     1,9  12,8    25   -10,8    13   509,4   0,0  41,4   3,2  55,4    25       W

Max >=  30,0:  0
Max <=   0,0:  1
Min <=   0,0: 19
Min <= -10,0:  1
Max Rain: 12,5 on day 15
Days of Rain: 9 (>= 0,2 mm)  5 (>= 2,0 mm)  0 (>= 20,0 mm)
Heat Base: 18,3  Cool Base: 18,3  Method: Integration