NOAA-Style klimatska poročila


Poročilo za 2012 November
                   Monthly Climatological Summary for nov 2012

Name: Bezina   City: Slovenske Konjice   State: SI
Elevation: 344 m  Lat: N 46° 21' 28"   Lon: E 015° 25' 56"

                  Temperature (°C), Rain (mm), Wind Speed (km/h)

                                      Heat  Cool        Avg
    Mean                              Deg   Deg         Wind                 Dom
Day Temp  High   Time   Low    Time   Days  Days  Rain  Speed High   Time    Dir
----------------------------------------------------------------------------------
 1   6,5  10,4   23:33   4,7   03:37  11,8   0,0  17,0   2,7  26,7   23:26   WSW
 2   9,2  14,4   10:24   6,7   19:35   9,1   0,0   4,0   2,8  21,3   00:27    SW
 3  12,6  14,9   13:35   8,4   01:24   5,7   0,0   0,3   7,8  40,7   18:33   WSW
 4  15,1  17,3   10:58  13,9   00:00   3,2   0,0   0,0   6,8  37,0   04:20    SW
 5  11,6  18,7   07:27   5,8   19:55   6,7   0,0  31,8   4,7  41,1   04:45   SSW
 6   6,0   7,8   13:03   3,7   23:55  12,3   0,0   0,3   2,1  20,6   01:27   NNW
 7   7,3  12,1   14:38   2,6   00:59  11,0   0,0   0,0   4,6  21,3   06:29     W
 8   9,2  14,6   14:15   3,0   04:36   9,1   0,0   0,0   4,4  23,7   23:10     W
 9   7,9  14,9   14:10   2,7   06:56  10,4   0,0   0,0   1,4  15,7   01:26    SW
10   6,9  13,5   13:49   2,0   06:59  11,4   0,0   0,0   1,4  19,1   14:19     W
11  12,1  17,4   20:14   6,0   06:12   6,2   0,0   0,0   2,8  23,7   17:08    SW
12  11,0  16,2   00:00   9,5   10:19   7,3   0,0  12,5   1,2  21,3   02:14     S
13   9,7  13,0   14:01   6,6   20:39   8,6   0,0   0,3   0,7   6,9   12:02     S
14   6,7   8,1   12:10   4,1   23:58  11,6   0,0   0,0   0,6   8,7   10:31    SE
15   5,6   7,9   14:08   2,8   06:40  12,7   0,0   0,0   1,0  10,4   04:07    NE
16   6,6   8,5   13:55   5,6   04:08  11,7   0,0   0,0   0,7  10,0   22:38   SSW
17   6,0  11,5   14:20   2,1   21:48  12,3   0,0   0,0   2,1  16,9   09:09    SW
18   5,7   9,9   14:14   0,7   06:53  12,6   0,0   2,9   0,4   8,0   17:39   ENE
19   7,4   8,4   14:17   6,0   06:33  10,9   0,0   0,5   0,2   6,9   20:56   ESE
20   7,6   8,3   14:01   6,7   23:29  10,7   0,0   0,0   0,7  10,0   23:04   SSE
21   7,6   8,7   14:04   6,6   00:01  10,7   0,0   0,3   0,3   6,9   10:10   ESE
22   8,1   9,4   11:36   6,0   07:27  10,2   0,0   0,0   1,6  10,0   12:23    NE
23   8,5  11,4   14:19   7,0   04:26   9,8   0,0   1,9   0,8  11,1   14:03    NW
24   6,7  12,7   12:57   3,0   06:45  11,6   0,0   0,0   1,4  20,2   10:15    SW
25   5,6   9,6   13:44   3,0   05:56  12,7   0,0   0,0   0,9  10,4   06:09   SSE
26  10,6  14,7   13:26   4,2   02:02   7,7   0,0   0,3   6,3  45,0   15:31    SW
27  13,2  14,9   12:49   9,6   23:51   5,1   0,0   0,0   6,9  31,3   01:14   WSW
28  11,6  15,9   12:33   9,3   03:13   6,7   0,0  10,4   1,0  20,6   23:46   ENE
29   8,7  11,2   14:37   6,1   23:51   9,6   0,0   1,8   2,0  17,6   11:34   WSW
30   3,5   6,1   00:00   2,4   21:16  14,8   0,0   1,6   1,2  10,4   02:57   ESE
----------------------------------------------------------------------------------
     8,5  18,7     5     0,7    18   294,2   0,0  85,9   2,4  45,0    26      SW

Max >=  30,0:  0
Max <=   0,0:  0
Min <=   0,0:  0
Min <= -10,0:  0
Max Rain: 31,8 on day 5
Days of Rain: 15 (>= 0,2 mm)  6 (>= 2,0 mm)  1 (>= 20,0 mm)
Heat Base: 18,3  Cool Base: 18,3  Method: Integration