NOAA-Style klimatska poročila


Poročilo za 2012 Avgust
                   Monthly Climatological Summary for avg 2012

Name: Bezina   City: Slovenske Konjice   State: SI
Elevation: 344 m  Lat: N 46° 21' 28"   Lon: E 015° 25' 56"

                  Temperature (°C), Rain (mm), Wind Speed (km/h)

                                      Heat  Cool        Avg
    Mean                              Deg   Deg         Wind                 Dom
Day Temp  High   Time   Low    Time   Days  Days  Rain  Speed High   Time    Dir
----------------------------------------------------------------------------------
 1  22,2  29,2   17:43  15,1   05:31   0,0   3,9   0,0   2,1  17,6   14:37    SE
 2  22,9  30,6   15:35  14,7   05:59   0,0   4,6   0,0   1,8  20,2   13:14     S
 3  23,6  32,0   15:53  16,2   05:23   0,0   5,3   0,0   1,9  16,1   16:15   SSE
 4  23,6  30,9   17:17  16,6   06:11   0,0   5,3   0,0   1,7  14,1   11:55    SE
 5  24,8  34,0   16:38  16,8   05:55   0,0   6,5   0,0   2,1  19,1   15:40     S
 6  27,8  34,3   15:54  19,8   01:24   0,0   9,5   0,0   5,3  27,8   13:00   WSW
 7  23,0  27,6   17:03  16,7   23:45   0,0   4,7   0,0   2,4  16,1   13:51   ENE
 8  21,2  26,6   16:42  16,7   00:00   0,0   2,9   0,0   2,3  17,2   11:56   ENE
 9  19,3  26,1   14:42  14,9   04:18   0,0   1,0   7,7   1,9  14,1   12:10   ENE
10  19,0  25,2   16:02  13,1   06:42   0,0   0,7   0,5   2,4  20,9   14:38     E
11  16,0  20,7   12:05  11,7   06:27   2,3   0,0   2,3   1,3  10,4   09:33    NE
12  16,1  23,2   17:02   9,3   05:53   2,2   0,0   0,0   2,0  19,8   13:51   ESE
13  18,2  25,8   16:36  11,6   05:56   0,1   0,0   0,0   1,7  16,1   14:29   ESE
14  18,6  26,1   16:33  11,3   06:12   0,0   0,3   0,0   1,8  16,1   14:30     E
15  20,8  29,9   16:27  12,1   05:56   0,0   2,5   0,0   1,7  25,2   14:27     S
16  20,7  29,9   15:24  14,0   06:02   0,0   2,4   3,5   2,5  23,3   18:42   WSW
17  22,4  29,2   16:59  16,8   23:58   0,0   4,1   0,0   2,3  21,3   15:13   SSW
18  21,5  29,6   17:04  14,4   06:22   0,0   3,2   0,0   1,7  16,1   12:26   SSE
19  22,3  31,3   17:34  14,3   06:23   0,0   4,0   0,0   1,6  17,6   14:44   SSE
20  23,5  33,2   16:39  14,0   06:14   0,0   5,2   0,0   2,3  20,6   15:45     S
21  23,8  33,8   16:40  15,1   05:42   0,0   5,5   0,0   1,4  15,7   13:35    SE
22  27,3  36,4   15:14  18,2   03:19   0,0   9,0   0,0   3,0  19,4   08:13   WSW
23  23,9  31,9   17:27  19,4   06:38   0,0   5,6   4,5   2,5  41,1   09:07     W
24  27,3  35,2   15:32  18,0   04:36   0,0   9,0   0,0   5,1  25,9   12:41   WSW
25  25,2  34,0   16:17  16,9   06:21   0,0   6,9   0,0   1,8  17,2   15:00   SSE
26  17,5  23,4   09:51  13,2   23:53   0,8   0,0  20,7   2,7  28,2   21:38   WSW
27  17,0  24,1   15:36  12,1   23:59   1,3   0,0   0,3   3,9  20,6   05:00     W
28  18,1  27,7   17:09   9,9   05:41   0,2   0,0   0,0   2,4  22,0   10:51   SSW
29  20,0  27,8   17:40  13,2   06:43   0,0   1,7   0,0   1,6  16,9   14:00   SSE
30  20,9  29,1   16:46  13,1   06:28   0,0   2,6   0,0   1,4  17,6   15:29   SSE
31  17,8  22,5   10:49  13,8   23:54   0,5   0,0  36,2   1,1  14,1   23:43   SSE
----------------------------------------------------------------------------------
    21,5  36,4    22     9,3    12     7,4 106,4  75,7   2,2  41,1    23       S

Max >=  30,0: 12
Max <=   0,0:  0
Min <=   0,0:  0
Min <= -10,0:  0
Max Rain: 36,2 on day 31
Days of Rain: 8 (>= 0,2 mm)  6 (>= 2,0 mm)  2 (>= 20,0 mm)
Heat Base: 18,3  Cool Base: 18,3  Method: Integration