NOAA-Style klimatska poročila


Poročilo za 2012 Julij
                   Monthly Climatological Summary for jul 2012

Name: Bezina   City: Slovenske Konjice   State: SI
Elevation: 344 m  Lat: N 46° 21' 28"   Lon: E 015° 25' 56"

                  Temperature (°C), Rain (mm), Wind Speed (km/h)

                                      Heat  Cool        Avg
    Mean                              Deg   Deg         Wind                 Dom
Day Temp  High   Time   Low    Time   Days  Days  Rain  Speed High   Time    Dir
----------------------------------------------------------------------------------
 1  26,4  33,5   16:26  18,3   05:31   0,0   8,1   0,0   1,8  14,1   17:01    SE
 2  25,4  32,5   16:37  19,7   05:30   0,0   7,1   0,0   1,9  20,6   10:53   ESE
 3  25,7  33,5   15:01  19,4   05:00   0,0   7,4   0,0   1,7  21,3   15:57   SSE
 4  24,6  31,6   17:07  18,7   04:50   0,0   6,3   0,0   2,2  17,2   14:00   SSE
 5  24,5  32,4   14:57  18,4   05:25   0,0   6,2   0,0   2,5  25,2   17:25     S
 6  23,5  32,0   15:48  16,5   03:55   0,0   5,2   0,0   3,3  31,7   16:27    SW
 7  25,1  32,1   16:16  16,8   06:01   0,0   6,8   0,0   4,1  24,4   14:29    SW
 8  24,6  32,3   16:53  16,0   05:25   0,0   6,3   0,0   4,1  30,6   16:04    SW
 9  23,7  31,6   15:43  16,8   05:21   0,0   5,4   0,0   2,6  18,3   12:22    SE
10  22,5  30,2   15:38  16,9   23:53   0,0   4,2   2,4   2,6  17,2   02:52   SSW
11  22,7  30,6   15:22  16,8   00:03   0,0   4,4  12,2   4,0  17,2   17:56   SSW
12  19,1  21,9   18:52  14,7   05:43   0,0   0,8  15,6   1,3  10,4   03:05    NE
13  17,9  21,6   14:57  15,1   22:19   0,4   0,0   0,0   1,4  10,4   14:50     E
14  21,2  27,9   13:36  13,9   06:04   0,0   2,9   5,0   4,2  24,4   11:31    SW
15  15,8  20,1   17:41  13,2   23:07   2,5   0,0  17,6   1,9  13,7   14:29   SSW
16  16,9  22,7   17:49  11,9   23:59   1,4   0,0   1,9   2,0  16,5   11:40     S
17  17,6  24,6   14:46  10,0   05:48   0,7   0,0   0,0   2,5  20,2   11:41   SSW
18  20,2  27,7   18:51  12,2   05:39   0,0   1,9   0,0   3,0  24,8   14:40   SSW
19  23,2  31,2   16:43  14,4   05:34   0,0   4,9   0,0   5,2  42,0   18:27    SW
20  21,4  27,2   15:24  15,3   05:29   0,0   3,1   0,0   2,6  16,1   15:59   ENE
21  16,6  19,7   00:00  13,8   23:01   1,7   0,0   8,5   2,1  14,1   07:31   SSE
22  15,7  18,7   13:49  13,3   01:24   2,6   0,0   0,3   1,9  17,2   15:00    SE
23  19,0  22,9   16:48  15,6   00:57   0,0   0,7   0,0   3,8  24,4   01:39   ENE
24  20,3  26,2   12:01  15,2   05:46   0,0   2,0   2,1   2,2  24,4   18:38     E
25  19,1  24,5   16:44  16,6   23:55   0,0   0,8  12,5   1,0  11,5   17:21     W
26  21,2  27,9   17:34  15,6   03:14   0,0   2,9   0,3   1,2  10,4   13:20    SW
27  23,5  30,4   16:42  16,6   04:04   0,0   5,2   0,0   1,7  13,7   14:48   SSE
28  25,0  33,0   16:58  17,9   05:42   0,0   6,7   0,0   2,7  23,3   16:35   SSW
29  22,1  30,5   15:47  16,3   23:07   0,0   3,8   3,8   2,3  27,4   17:31    SE
30  20,7  26,7   14:50  15,5   05:36   0,0   2,4   0,0   2,3  20,2   16:44   ENE
31  21,0  27,3   17:39  16,5   23:54   0,0   2,7   2,4   1,7  15,6   15:03   ESE
----------------------------------------------------------------------------------
    21,5  33,5     1    10,0    17     9,3 108,2  84,6   2,5  42,0    19       S

Max >=  30,0: 15
Max <=   0,0:  0
Min <=   0,0:  0
Min <= -10,0:  0
Max Rain: 17,6 on day 15
Days of Rain: 13 (>= 0,2 mm)  10 (>= 2,0 mm)  0 (>= 20,0 mm)
Heat Base: 18,3  Cool Base: 18,3  Method: Integration