NOAA-Style klimatska poročila


Poročilo za 2012 Junij
                   Monthly Climatological Summary for jun 2012

Name: Bezina   City: Slovenske Konjice   State: SI
Elevation: 344 m  Lat: N 46° 21' 28"   Lon: E 015° 25' 56"

                  Temperature (°C), Rain (mm), Wind Speed (km/h)

                                      Heat  Cool        Avg
    Mean                              Deg   Deg         Wind                 Dom
Day Temp  High   Time   Low    Time   Days  Days  Rain  Speed High   Time    Dir
----------------------------------------------------------------------------------
 1  18,8  23,9   15:13  15,0   00:17   0,0   0,5   5,6   2,2  16,9   05:03    NE
 2  16,8  20,6   18:21  14,5   05:25   1,5   0,0   0,3   2,4  17,6   18:09   WSW
 3  21,2  26,1   14:30  16,8   00:04   0,0   2,9   0,0   9,0  44,6   10:34   WSW
 4  19,4  24,1   11:35  13,7   23:51   0,0   1,1  10,1   5,0  36,7   00:21    SW
 5  15,4  20,6   17:52   8,5   23:50   2,9   0,0   7,4   1,9  14,1   15:37   ESE
 6  15,2  23,5   16:44   6,1   05:21   3,1   0,0   0,0   3,8  31,7   11:34    SW
 7  19,9  25,3   15:40  12,5   05:44   0,0   1,6   0,0   5,0  36,3   17:37    SW
 8  22,7  27,4   14:35  18,6   04:59   0,0   4,4   0,0   8,9  36,7   14:43   WSW
 9  17,6  19,6   00:00  15,7   03:54   0,7   0,0  19,2   1,2  12,2   21:12     E
10  17,5  22,6   17:55  15,1   05:49   0,8   0,0   4,3   2,2  17,6   18:37     S
11  17,7  21,3   17:50  14,7   04:16   0,6   0,0   6,1   3,6  20,9   10:59   WSW
12  15,5  18,9   18:01  12,5   22:42   2,8   0,0   7,9   1,8  16,9   19:36    SW
13  16,5  21,7   13:19  12,3   04:28   1,8   0,0   0,3   4,2  22,6   20:00   WSW
14  17,8  23,0   17:09  12,9   06:41   0,5   0,0   0,0   4,1  20,2   13:28   SSW
15  19,0  27,2   17:43  10,5   05:15   0,0   0,7   0,0   2,4  20,6   10:43   SSW
16  21,7  29,1   15:55  12,5   05:26   0,0   3,4   0,0   3,2  20,9   16:21     S
17  22,7  30,6   17:53  13,9   05:48   0,0   4,4   0,0   1,8  14,1   10:57     E
18  23,3  30,6   17:04  15,3   04:59   0,0   5,0   0,0   2,0  22,0   17:35   SSE
19  24,0  31,0   16:50  16,8   05:15   0,0   5,7   0,0   1,8  17,6   15:00    SE
20  25,8  33,2   16:15  17,9   05:12   0,0   7,5   0,0   3,6  23,3   14:02   SSW
21  25,0  31,8   15:37  18,1   05:26   0,0   6,7   0,0   2,8  27,8   19:31   SSE
22  22,1  26,9   17:59  16,9   23:54   0,0   3,8   0,0   3,1  20,9   08:20   WSW
23  20,7  26,5   17:55  15,4   03:08   0,0   2,4   0,0   2,1  22,0   12:54   ENE
24  21,5  28,2   17:19  13,8   04:37   0,0   3,2   0,0   2,3  23,0   14:58     S
25  18,5  23,1   10:07  14,8   23:54   0,0   0,2   9,5   1,4  15,7   14:40   SSE
26  18,0  23,9   14:51  12,0   04:39   0,3   0,0   0,0   2,4  19,4   15:09     S
27  19,7  25,9   18:09  13,2   04:54   0,0   1,4   0,0   1,7  17,6   14:09     E
28  22,7  30,5   15:58  14,1   05:05   0,0   4,4   0,0   3,5  26,3   12:47   SSW
29  25,5  32,9   16:27  17,6   05:50   0,0   7,2   0,0   3,2  22,6   15:01   SSW
30  27,3  33,8   15:38  19,1   05:17   0,0   9,0   0,0   4,5  25,6   14:19    SW
----------------------------------------------------------------------------------
    20,3  33,8    30     6,1     6    15,0  75,5  70,7   3,2  44,6     3     SSW

Max >=  30,0:  8
Max <=   0,0:  0
Min <=   0,0:  0
Min <= -10,0:  0
Max Rain: 19,2 on day 9
Days of Rain: 10 (>= 0,2 mm)  8 (>= 2,0 mm)  0 (>= 20,0 mm)
Heat Base: 18,3  Cool Base: 18,3  Method: Integration