NOAA-Style klimatska poročila


Poročilo za 2012 April
                   Monthly Climatological Summary for apr 2012

Name: Bezina   City: Slovenske Konjice   State: SI
Elevation: 344 m  Lat: N 46° 21' 28"   Lon: E 015° 25' 56"

                  Temperature (°C), Rain (mm), Wind Speed (km/h)

                                      Heat  Cool        Avg
    Mean                              Deg   Deg         Wind                 Dom
Day Temp  High   Time   Low    Time   Days  Days  Rain  Speed High   Time    Dir
----------------------------------------------------------------------------------
 1   5,6  12,8   00:00   0,3   23:06  12,7   0,0   1,9   3,4  24,8   13:13   SSE
 2   8,6  17,7   16:05  -1,5   07:00   9,7   0,0   0,0   4,6  27,0   15:15   WSW
 3  13,2  18,4   15:24   9,4   06:43   5,1   0,0   0,0   7,9  41,7   17:10   WSW
 4  15,8  20,4   15:26  11,8   23:47   2,5   0,0   0,0   6,7  29,1   14:36   WSW
 5  14,6  21,4   16:01   8,3   06:57   3,7   0,0   4,7   3,6  28,2   22:51    SW
 6  11,4  13,4   18:08   9,8   11:35   6,9   0,0   4,3   2,0  17,6   03:53   SSE
 7  11,3  15,9   15:12   7,2   23:58   7,0   0,0  22,6   3,0  27,0   15:00    SW
 8   4,3   7,2   00:00   0,1   23:54  14,0   0,0   2,4   2,1  21,3   19:03   ENE
 9   3,0   9,4   15:42  -2,6   06:56  15,3   0,0   0,0   2,6  19,4   11:44   SSE
10   7,6  16,7   17:58  -1,8   06:14  10,7   0,0   0,0   4,7  27,8   13:08    SW
11  10,7  13,8   14:39   8,1   06:46   7,6   0,0   0,5   6,9  46,1   01:43   WSW
12  10,5  15,4   15:25   6,6   06:50   7,8   0,0   1,6   3,6  20,2   11:36   WSW
13  10,1  15,3   13:38   3,1   05:19   8,2   0,0   0,0   3,4  25,9   16:15     S
14  10,1  12,5   11:42   8,1   05:40   8,2   0,0   3,2   2,2  20,6   12:59   NNE
15  10,8  14,5   14:02   8,5   05:34   7,5   0,0   3,2   0,7  15,6   13:34   SSE
16  10,4  13,3   14:12   8,6   23:46   7,9   0,0   1,6   1,6  21,3   22:31    SE
17   7,3  11,6   14:08   1,2   05:39  11,0   0,0   0,0   2,2  17,2   12:49   ESE
18   8,1  12,8   16:53   5,0   06:15  10,2   0,0   0,0   0,9  10,4   11:10    SE
19  10,4  16,4   15:59   3,5   06:15   7,9   0,0   0,0   1,9  31,7   19:59    SW
20  10,7  17,0   13:27   6,0   23:29   7,6   0,0   3,1   4,4  32,0   13:52    SW
21  12,1  16,5   14:06   7,6   00:00   6,2   0,0   0,0   5,1  45,7   14:40    SW
22  10,1  15,5   13:13   4,4   18:25   8,2   0,0   6,9   4,6  24,8   01:45   WSW
23   8,7  13,2   13:14   5,4   03:34   9,6   0,0   5,9   2,0  15,6   11:34    SE
24  10,7  15,1   13:20   6,1   02:40   7,6   0,0   6,1   4,1  27,8   08:47    SW
25  12,7  18,9   16:48   5,9   06:34   5,6   0,0   0,0   5,7  37,0   20:56   SSW
26  16,0  20,9   16:09  10,9   06:08   2,3   0,0   0,0   9,1  52,2   11:29   WSW
27  18,7  26,6   16:40  11,8   23:58   0,0   0,4   0,0   3,1  19,1   02:06   ENE
28  18,2  27,6   17:39   9,4   05:01   0,1   0,0   0,0   1,6  20,6   14:51   SSE
29  19,7  28,0   14:15  10,6   06:06   0,0   1,4   0,0   3,4  27,4   13:04   SSW
30  19,2  27,1   15:41   9,8   06:23   0,0   0,9   0,0   3,4  27,4   12:20     S
----------------------------------------------------------------------------------
    11,4  28,0    29    -2,6     9   211,1   2,7  68,0   3,7  52,2    26      SW

Max >=  30,0:  0
Max <=   0,0:  0
Min <=   0,0:  3
Min <= -10,0:  0
Max Rain: 22,6 on day 7
Days of Rain: 14 (>= 0,2 mm)  10 (>= 2,0 mm)  1 (>= 20,0 mm)
Heat Base: 18,3  Cool Base: 18,3  Method: Integration