NOAA-Style klimatska poročila


Poročilo za 2012 Februar
                   Monthly Climatological Summary for feb 2012

Name: Bezina   City: Slovenske Konjice   State: SI
Elevation: 344 m  Lat: N 46° 21' 28"   Lon: E 015° 25' 56"

                  Temperature (°C), Rain (mm), Wind Speed (km/h)

                                      Heat  Cool        Avg
    Mean                              Deg   Deg         Wind                 Dom
Day Temp  High   Time   Low    Time   Days  Days  Rain  Speed High   Time    Dir
----------------------------------------------------------------------------------
 1  -4,2  -2,2   12:31  -6,5   05:09  22,5   0,0   0,0   3,5  22,2   15:10    SE
 2  -7,1  -4,8   00:00  -9,2   07:51  25,4   0,0   0,0   4,1  20,4   06:28    SE
 3  -9,0  -7,6   14:09 -10,7   07:23  27,3   0,0   0,0   3,9  20,4   20:22    SE
 4  -8,6  -7,1   11:31 -10,3   20:35  26,9   0,0   0,0   3,8  22,2   03:00    SE
 5 -10,4  -6,6   14:33 -14,4   07:09  28,7   0,0   0,0   1,4  14,8   11:11   SSE
 6 -10,5  -9,3   17:38 -12,2   03:06  28,8   0,0   0,0   2,7  13,0   04:17   SSE
 7  -9,5  -8,1   19:53 -11,7   23:54  27,8   0,0   0,0   2,4  16,7   14:55   SSE
 8 -11,5  -4,3   13:53 -16,4   08:02  29,8   0,0   0,0   0,7  11,1   13:30    SE
 9  -9,7  -3,5   15:02 -15,7   01:58  28,0   0,0   0,0   1,4  13,0   13:14     S
10  -9,0  -6,7   13:36 -11,0   03:16  27,3   0,0   0,0   3,3  20,4   12:48   SSE
11  -8,7  -7,6   13:40  -9,8   08:08  27,0   0,0   0,0   4,7  22,2   01:25   SSE
12  -7,8  -7,2   04:09  -9,1   00:00  26,1   0,0   0,0   2,4  14,8   04:30   SSE
13  -6,6  -0,8   14:57 -10,8   05:44  24,9   0,0   0,0   0,5   9,3   09:32    NE
14  -6,4   1,4   14:40 -12,7   04:20  24,7   0,0   0,0   0,6   9,3   16:12    SE
15  -0,5   4,6   15:16 -10,4   00:36  18,8   0,0   0,0   6,1  35,2   11:43     W
16   0,9   6,7   14:15  -5,6   23:34  17,4   0,0   0,0   4,4  42,6   11:50     N
17   2,0   8,8   15:55  -6,9   03:12  16,3   0,0   0,0   3,9  20,4   12:02     W
18   1,8   9,0   14:56  -3,3   07:49  16,5   0,0   0,0   1,2  13,0   23:12     S
19   6,2  10,6   13:14   1,6   04:33  12,1   0,0   0,0   5,3  29,6   13:43     W
20   1,5   3,8   14:03  -0,1   23:57  16,8   0,0   5,7   2,1  20,4   00:16   SSE
21   0,8   5,5   15:37  -2,8   23:04  17,5   0,0   0,0   1,3  14,8   15:00     S
22   1,2   8,4   14:49  -4,2   04:50  17,1   0,0   0,0   1,5  14,8   13:27   SSE
23   4,4  11,5   14:00  -2,8   06:31  13,9   0,0   0,0   2,2  16,7   10:12    SW
24   9,4  18,7   13:52   1,0   07:16   8,9   0,0   0,0   2,1  20,4   11:05     W
25   9,4  15,7   12:50   2,6   23:53   8,9   0,0   0,0   1,7  20,4   12:41   ESE
26   4,8  10,7   15:40   1,6   02:12  13,5   0,0   1,6   2,2  27,8   16:13   ENE
27   2,4   8,4   15:34  -2,1   06:35  15,9   0,0   0,0   2,3  22,2   11:02     S
28   4,7  11,8   15:47  -3,1   05:16  13,6   0,0   0,0   2,1  24,1   21:58   NNE
29   9,5  18,1   16:32   2,1   06:44   8,8   0,0   0,0   1,8  14,8   12:57    SE
----------------------------------------------------------------------------------
    -2,1  18,7    24   -16,4     8   591,2   0,0   7,3   2,6  42,6    16     SSE

Max >=  30,0:  0
Max <=   0,0: 13
Min <=   0,0: 24
Min <= -10,0: 11
Max Rain: 5,7 on day 20
Days of Rain: 2 (>= 0,2 mm)  1 (>= 2,0 mm)  0 (>= 20,0 mm)
Heat Base: 18,3  Cool Base: 18,3  Method: Integration