NOAA-Style klimatska poročila


Poročilo za 2012 Januar
                   Monthly Climatological Summary for jan 2012

Name: Bezina   City: Slovenske Konjice   State: SI
Elevation: 344 m  Lat: N 46° 21' 28"   Lon: E 015° 25' 56"

                  Temperature (°C), Rain (mm), Wind Speed (km/h)

                                      Heat  Cool        Avg
    Mean                              Deg   Deg         Wind                 Dom
Day Temp  High   Time   Low    Time   Days  Days  Rain  Speed High   Time    Dir
----------------------------------------------------------------------------------
 1   3,7   8,0   14:44  -1,6   01:39  14,6   0,0   0,0   4,9  33,3   23:56   WSW
 2   8,6  11,0   13:08   6,4   01:16   9,7   0,0   0,0  12,8  72,2   17:29     W
 3   6,7   8,0   00:00   4,8   05:50  11,6   0,0   0,0   4,9  33,3   22:36     W
 4   7,0   9,6   13:22   0,0   23:39  11,3   0,0   0,0   8,7  59,3   09:06     W
 5   4,1   7,2   12:42  -1,1   02:04  14,2   0,0   0,0   8,8  63,0   13:17   WSW
 6   4,0   8,7   13:44   0,2   07:58  14,3   0,0   0,0   4,8  24,1   04:07     W
 7   2,6   7,1   12:27  -2,2   07:52  15,7   0,0   0,0   3,9  24,1   02:32    SW
 8   5,3   8,7   11:38   2,4   19:14  13,0   0,0   0,0   6,0  35,2   02:10     W
 9   2,9   7,4   11:02  -0,6   19:39  15,4   0,0   0,0   1,6  18,5   05:59    NW
10   4,2   9,3   10:43  -2,3   23:33  14,1   0,0   0,0   4,5  38,9   13:55    NW
11   1,9  10,0   14:07  -2,8   01:28  16,4   0,0   0,0   1,3  16,7   12:17   SSE
12   4,5  10,1   13:58  -2,2   01:44  13,8   0,0   0,0   6,1  38,9   12:33     W
13   5,1  10,7   14:33  -0,2   20:28  13,2   0,0   0,0   6,7  46,3   16:21   WNW
14   3,0   7,0   14:47  -2,7   23:40  15,3   0,0   0,0   8,3  33,3   05:45   WNW
15  -2,1   3,4   12:41  -6,1   23:35  20,4   0,0   0,0   1,5  20,4   02:25    SE
16  -3,5   2,3   14:10  -7,8   06:16  21,8   0,0   0,0   2,1  20,4   12:29   SSE
17   0,6   4,2   14:02  -1,6   03:14  17,7   0,0   0,0   5,5  33,3   12:31    NW
18   1,4   7,4   14:06  -2,8   21:16  16,9   0,0   0,0   2,6  24,1   12:30     S
19   4,8   6,3   23:51   3,1   00:02  13,5   0,0   0,0  16,7  63,0   14:23     W
20   4,6   8,5   11:47  -0,6   19:39  13,7   0,0   0,0   7,5  51,9   00:51     W
21   3,1   6,6   23:55  -1,0   08:12  15,2   0,0   0,0   5,0  63,0   23:50   WSW
22   7,7  11,9   14:23   3,0   23:50  10,6   0,0   0,0   7,5  53,7   00:25     W
23   5,6  11,5   14:09   0,0   07:59  12,7   0,0   0,0   1,6  18,5   10:49   SSE
24   2,8   5,3   14:14  -2,9   23:55  15,5   0,0   0,0   1,9  14,8   06:47     E
25  -1,2   4,6   13:44  -5,2   23:48  19,5   0,0   0,0   2,1  24,1   12:47   NNE
26  -3,5   2,6   14:59  -7,2   07:17  21,8   0,0   0,0   1,8  20,4   11:27     S
27  -3,8   2,7   14:42  -8,7   07:32  22,1   0,0   0,0   1,9  20,4   12:17     S
28  -2,8   2,1   14:09  -7,2   06:53  21,1   0,0   0,0   1,5  20,4   12:24   SSE
29  -2,4  -0,8   00:03  -3,6   06:11  20,7   0,0   0,0   3,8  24,1   12:22     E
30  -3,5   1,1   14:39  -8,0   23:55  21,8   0,0   0,0   2,2  27,8   14:14    SE
31  -6,6  -3,4   13:34 -10,6   04:08  24,9   0,0   0,0   3,9  42,6   13:44   ESE
----------------------------------------------------------------------------------
     2,1  11,9    22   -10,6    31   502,5   0,0   0,0   4,9  72,2     2       W

Max >=  30,0:  0
Max <=   0,0:  2
Min <=   0,0: 25
Min <= -10,0:  1
Max Rain: 0,0 on day 0
Days of Rain: 0 (>= 0,2 mm)  0 (>= 2,0 mm)  0 (>= 20,0 mm)
Heat Base: 18,3  Cool Base: 18,3  Method: Integration