NOAA-Style klimatska poročila


Poročilo za 2011 Oktober
                   Monthly Climatological Summary for okt 2011

Name: Bezina   City: Slovenske Konjice   State: SI
Elevation: 344 m  Lat: N 46° 21' 28"   Lon: E 015° 25' 56"

                  Temperature (°C), Rain (mm), Wind Speed (km/h)

                                      Heat  Cool        Avg
    Mean                              Deg   Deg         Wind                 Dom
Day Temp  High   Time   Low    Time   Days  Days  Rain  Speed High   Time    Dir
----------------------------------------------------------------------------------
 1  16,3  25,8   16:14   9,3   06:42   2,0   0,0   0,0   0,6  11,1   11:22     S
 2  16,2  25,6   15:42  10,5   07:07   2,1   0,0   0,0   0,8  13,0   11:16   SSE
 3  16,2  25,9   15:55   9,4   06:18   2,1   0,0   0,0   1,1  20,4   13:33   SSW
 4  15,8  25,5   14:53   8,6   06:42   2,5   0,0   0,0   0,7  13,0   12:08     S
 5  16,0  25,3   14:30   9,2   06:31   2,3   0,0   0,0   0,7  13,0   12:24     S
 6  16,6  25,1   15:54   9,2   06:58   1,7   0,0   0,0   2,2  31,5   16:41    SW
 7  10,2  18,8   00:57   3,6   23:32   8,1   0,0  38,3   2,9  25,9   00:54   WSW
 8   7,8  12,3   13:48   3,4   02:13  10,5   0,0   0,0   3,6  16,7   04:32     W
 9   7,5  13,2   16:43   1,7   03:52  10,8   0,0   0,3   2,8  22,2   12:22     N
10   7,4  11,0   16:00   2,0   03:04  10,9   0,0   0,3   1,9  20,4   11:44   WSW
11  15,7  25,3   15:53   8,5   00:10   2,6   0,0   0,0   2,4  18,5   01:54   WNW
12  16,3  21,3   13:19  11,8   00:37   2,0   0,0   0,0   0,8  13,0   06:44     N
13   9,8  12,5   00:00   3,4   23:35   8,5   0,0   0,0   1,1  13,0   05:50    NE
14   6,3  13,2   13:55   1,1   07:25  12,0   0,0   0,0   2,0  20,4   12:42   NNE
15   5,1  12,5   15:06  -1,1   07:30  13,2   0,0   0,0   1,6  16,7   12:44   SSE
16   4,5  10,3   14:53   0,1   03:20  13,8   0,0   0,0   1,4  16,7   12:32   ENE
17   3,9  12,7   15:14  -2,5   07:31  14,4   0,0   0,0   1,2  16,7   12:26   SSE
18   7,3  16,2   15:24  -1,6   05:40  11,0   0,0   0,0   2,8  22,2   22:47   WSW
19  13,5  17,2   12:20   9,5   01:23   4,8   0,0   0,0   9,1  59,3   12:28    SW
20   7,3  13,8   00:00   4,2   23:25  11,0   0,0  33,9   1,4  16,7   05:34     S
21   5,6  10,1   12:33   1,3   23:44  12,7   0,0   0,3   0,6  13,0   12:09   NNE
22   3,4   6,8   14:23  -0,8   07:23  14,9   0,0   0,3   0,2   9,3   10:24     S
23   5,9   7,5   14:44   4,8   01:23  12,4   0,0   0,5   0,1   5,6   04:22    SE
24   7,3   9,7   15:21   6,1   00:00  11,0   0,0   0,3   0,3   7,4   12:47     S
25   9,1  11,5   16:04   7,0   05:09   9,2   0,0   0,0   0,3   7,4   02:49    SE
26   9,5   9,9   00:00   9,2   17:19   8,8   0,0  17,5   0,3   7,4   16:49    NE
27   9,0   9,6   14:50   8,3   23:16   9,3   0,0   6,7   0,6   7,4   01:52   SSE
28  11,0  16,5   14:04   7,1   01:57   7,3   0,0   0,0   1,2  14,8   12:08   SSW
29  10,3  11,3   14:37   9,5   07:18   8,0   0,0   0,0   0,1   3,7   08:45   SSE
30   9,7  14,5   14:13   6,5   19:14   8,6   0,0   0,0   0,7  11,1   13:52   SSW
31   7,8  15,6   14:26   2,6   06:45  10,5   0,0   0,0   0,6  13,0   00:02     S
----------------------------------------------------------------------------------
     9,9  25,9     3    -2,5    17   259,0   0,0  98,4   1,5  59,3    19      SW

Max >=  30,0:  0
Max <=   0,0:  0
Min <=   0,0:  4
Min <= -10,0:  0
Max Rain: 38,3 on day 7
Days of Rain: 10 (>= 0,2 mm)  4 (>= 2,0 mm)  2 (>= 20,0 mm)
Heat Base: 18,3  Cool Base: 18,3  Method: Integration