NOAA-Style klimatska poročila


Poročilo za 2011 Avgust
                   Monthly Climatological Summary for avg 2011

Name: Bezina   City: Slovenske Konjice   State: SI
Elevation: 344 m  Lat: N 46° 21' 28"   Lon: E 015° 25' 56"

                  Temperature (°C), Rain (mm), Wind Speed (km/h)

                                      Heat  Cool        Avg
    Mean                              Deg   Deg         Wind                 Dom
Day Temp  High   Time   Low    Time   Days  Days  Rain  Speed High   Time    Dir
----------------------------------------------------------------------------------
 1  18,2  24,4   17:04  14,2   05:49   0,1   0,0   5,5   0,8  16,7   17:46   ENE
 2  19,4  26,4   17:29  13,4   05:44   0,0   1,1   0,0   1,0  13,0   12:35   NNE
 3  21,5  29,0   16:49  14,3   05:55   0,0   3,2   0,5   1,7  18,5   11:02     S
 4  20,2  25,2   16:28  15,8   23:53   0,0   1,9   0,5   1,7  13,0   00:32   SSE
 5  20,3  27,3   16:23  14,2   03:25   0,0   2,0   0,0   1,4  14,8   15:02     S
 6  20,6  27,6   18:14  15,2   05:09   0,0   2,3   0,0   0,6   9,3   14:18     W
 7  23,7  29,7   15:31  19,5   23:58   0,0   5,4   0,0   4,8  37,0   11:18    SW
 8  19,4  26,4   16:33  14,7   22:04   0,0   1,1  36,0   1,5  20,4   19:32     S
 9  15,8  21,5   17:35  12,6   04:30   2,5   0,0   8,0   1,6  14,8   03:34    NW
10  15,6  21,7   16:51   9,3   23:43   2,7   0,0   0,0   2,4  20,4   09:48     N
11  16,0  24,6   17:42   8,0   06:00   2,3   0,0   0,0   2,4  20,4   12:01   SSW
12  17,9  26,8   16:03   9,5   05:46   0,4   0,0   0,0   0,5  14,8   15:28   SSE
13  20,1  28,0   15:24  13,4   06:15   0,0   1,8   0,0   0,8  13,0   14:40     E
14  21,5  29,6   17:44  14,7   02:47   0,0   3,2   0,0   1,5  18,5   12:12   SSW
15  20,4  29,2   14:04  13,8   06:23   0,0   2,1   1,1   1,8  20,4   17:18   WSW
16  20,6  26,5   17:19  15,3   06:33   0,0   2,3   0,3   1,1  14,8   14:04    NE
17  19,4  28,3   15:22  14,2   06:03   0,0   1,1   0,0   1,2  14,8   15:17     S
18  25,9  32,0   15:45  18,6   23:55   0,0   7,6   0,0   1,1  11,1   14:56     S
19  22,7  33,0   14:57  15,5   05:58   0,0   4,4   0,0   1,7  24,1   16:07    SW
21  26,7  31,4   17:29  20,4   23:59   0,0   8,4   0,0   1,1  13,0   13:58   SSE
22  24,8  33,7   15:12  18,0   06:29   0,0   6,5   0,0   0,7  11,1   16:46     S
23  25,5  34,4   15:36  18,4   06:19   0,0   7,2   0,0   1,1  14,8   13:19     S
24  25,0  34,9   16:12  17,1   06:30   0,0   6,7   0,0   1,6  20,4   13:14   WSW
25  24,1  32,3   15:47  16,5   06:15   0,0   5,8   0,0   1,3  14,8   12:03   SSE
26  24,5  35,1   15:36  15,8   06:38   0,0   6,2   0,0   1,4  16,7   12:18     S
27  23,2  34,3   16:15  15,1   06:04   0,0   4,9   0,0   3,2  29,6   15:57    SW
28  17,6  22,7   16:22  13,6   23:53   0,7   0,0   0,0   1,5  20,4   00:02   ESE
29  17,8  26,7   16:00   9,9   05:42   0,5   0,0   0,0   1,0  13,0   12:21    SE
30  18,7  25,4   16:45  13,5   02:48   0,0   0,4   0,0   1,4  16,7   11:22   NNE
31  19,7  27,4   17:07  13,8   06:54   0,0   1,4   0,0   1,3  18,5   14:59     S
----------------------------------------------------------------------------------
    20,9  35,1    26     8,0    11     9,2  87,0  51,9   1,5  37,0     7     SSW

Max >=  30,0:  9
Max <=   0,0:  0
Min <=   0,0:  0
Min <= -10,0:  0
Max Rain: 36,0 on day 8
Days of Rain: 7 (>= 0,2 mm)  3 (>= 2,0 mm)  1 (>= 20,0 mm)
Heat Base: 18,3  Cool Base: 18,3  Method: Integration