NOAA-Style klimatska poročila


Poročilo za 2011 Julij
                   Monthly Climatological Summary for jul 2011

Name: Bezina   City: Slovenske Konjice   State: SI
Elevation: 344 m  Lat: N 46° 21' 28"   Lon: E 015° 25' 56"

                  Temperature (°C), Rain (mm), Wind Speed (km/h)

                                      Heat  Cool        Avg
    Mean                              Deg   Deg         Wind                 Dom
Day Temp  High   Time   Low    Time   Days  Days  Rain  Speed High   Time    Dir
----------------------------------------------------------------------------------
 1  16,6  22,5   16:55  10,1   05:28   1,7   0,0   0,3   1,4  13,0   10:24     N
 2  13,9  20,2   17:50   8,5   06:09   4,4   0,0   1,9   1,6  20,4   13:27     N
 3  16,7  24,3   17:27   8,9   03:33   1,6   0,0   0,0   2,6  22,2   13:03    SW
 4  19,7  27,6   17:45  13,5   03:28   0,0   1,4   0,0   1,3  20,4   16:08    SW
 5  18,5  22,6   12:19  14,5   05:08   0,0   0,2   7,5   1,1  13,0   11:14     N
 6  18,9  26,3   14:48  13,2   05:10   0,0   0,6   2,3   1,6  18,5   16:23   NNE
 7  23,0  30,6   16:50  14,2   05:00   0,0   4,7   0,0   2,8  18,5   13:18   SSW
 8  24,6  31,0   17:08  18,6   23:48   0,0   6,3   0,0   2,7  24,1   03:23    SW
 9  24,8  33,4   18:22  15,5   05:37   0,0   6,5   0,0   2,3  20,4   12:53   SSW
10  24,5  32,7   17:03  17,3   05:55   0,0   6,2   0,0   1,2  13,0   08:36     N
11  22,4  30,6   15:49  18,0   05:26   0,0   4,1   2,6   1,8  18,5   16:13   SSE
12  22,3  29,1   16:31  16,5   04:01   0,0   4,0   0,0   1,9  18,5   13:26     N
13  24,8  32,9   15:49  17,8   03:09   0,0   6,5   0,0   1,8  16,7   15:32    SW
14  24,5  31,1   11:13  18,3   05:25   0,0   6,2   5,3   1,8  18,5   12:39    NE
15  18,7  22,2   15:23  15,8   23:57   0,0   0,4   0,0   1,3  13,0   16:05     E
16  19,8  26,3   17:04  14,7   01:13   0,0   1,5   0,0   1,4  16,7   15:17     S
17  22,4  28,8   15:56  14,8   04:00   0,0   4,1   0,0   4,9  31,5   21:51    SW
18  19,1  24,7   15:20  14,4   23:53   0,0   0,8   4,8   1,6  20,4   17:10   ENE
19  19,4  27,4   17:00  13,8   05:34   0,0   1,1   0,3   1,0  16,7   16:31   NNW
20  17,9  22,4   11:52  13,7   14:47   0,4   0,0  19,4   3,0  22,2   12:37   WSW
21  18,3  22,7   16:03  14,6   23:57   0,0   0,0   9,6   1,6  13,0   17:28     W
22  19,0  27,0   16:51  12,3   04:37   0,0   0,7   2,7   3,8  20,4   17:18   WSW
23  16,8  20,2   16:44  15,1   07:14   1,5   0,0  19,4   1,2  13,0   12:54   NNE
24  13,6  15,6   00:00  11,9   10:05   4,7   0,0  24,1   1,0  13,0   07:56   WSW
25  13,7  16,2   15:17  11,6   04:37   4,6   0,0   0,0   0,4   9,3   07:36   NNW
26  16,1  19,8   17:17  12,4   04:49   2,2   0,0   0,3   0,6   7,4   13:29    SW
27  18,7  25,8   16:09  11,5   05:32   0,0   0,4   0,0   2,0  18,5   12:18     S
28  16,3  19,1   00:00  14,6   23:04   2,0   0,0  25,6   0,7   9,3   00:24   SSE
29  16,2  22,5   12:48  13,0   02:56   2,1   0,0   0,0   0,5  11,1   12:48     S
30  17,6  25,1   14:07  13,3   03:04   0,7   0,0   3,5   1,6  22,2   16:17   SSW
31  18,4  24,1   14:30  14,3   06:29   0,0   0,1   0,3   0,8  13,0   14:32   NNE
----------------------------------------------------------------------------------
    19,3  33,4     9     8,5     2    25,9  55,8 129,9   1,7  31,5    17     WSW

Max >=  30,0:  7
Max <=   0,0:  0
Min <=   0,0:  0
Min <= -10,0:  0
Max Rain: 25,6 on day 28
Days of Rain: 17 (>= 0,2 mm)  12 (>= 2,0 mm)  2 (>= 20,0 mm)
Heat Base: 18,3  Cool Base: 18,3  Method: Integration