NOAA-Style klimatska poročila


Poročilo za 2011 Junij
                   Monthly Climatological Summary for jun 2011

Name: Bezina   City: Slovenske Konjice   State: SI
Elevation: 344 m  Lat: N 46° 21' 28"   Lon: E 015° 25' 56"

                  Temperature (°C), Rain (mm), Wind Speed (km/h)

                                      Heat  Cool        Avg
    Mean                              Deg   Deg         Wind                 Dom
Day Temp  High   Time   Low    Time   Days  Days  Rain  Speed High   Time    Dir
----------------------------------------------------------------------------------
 1  19,5  24,5   14:45  12,3   06:12   0,0   1,2   0,0   1,9  20,4   12:50   NNE
 2  19,6  25,4   15:19  15,8   23:57   0,0   1,3   0,0   1,6  18,5   12:45   ENE
 3  18,5  24,6   14:18  14,3   01:18   0,0   0,2  15,3   0,8  13,0   14:23     N
 4  18,9  25,3   14:03  15,1   22:36   0,0   0,6   4,4   1,0  20,4   18:20    SW
 5  18,2  25,2   13:17  14,7   23:58   0,1   0,0  13,6   1,5  20,4   15:07     W
 6  18,7  25,3   15:00  14,2   00:48   0,0   0,4   0,6   2,7  20,4   10:25   SSW
 7  19,8  25,9   14:45  14,5   03:18   0,0   1,5  22,0   2,3  24,1   20:26    SW
 8  18,8  23,8   14:18  15,1   02:53   0,0   0,5   3,7   3,5  27,8   16:59    SW
 9  16,8  19,7   14:22  15,1   06:13   1,5   0,0  17,5   1,6  14,8   01:29   WNW
10  16,9  23,0   16:52  10,8   05:48   1,4   0,0   0,0   1,1  14,8   15:51   NNE
11  18,0  24,6   16:49  11,1   05:08   0,3   0,0   0,0   1,9  22,2   11:42    SE
12  17,4  23,5   14:47  12,6   04:52   0,9   0,0   0,3   1,3  16,7   15:29   NNW
13  17,9  23,6   13:19  11,7   05:32   0,4   0,0   0,0   1,5  16,7   12:58     S
14  18,1  23,7   18:02  15,3   01:08   0,2   0,0  13,4   1,9  13,0   12:10   NNW
15  17,2  26,1   15:33  13,8   04:34   1,1   0,0   0,0   0,8   9,3   15:03   NNE
16  20,7  28,7   17:57  13,7   05:29   0,0   2,4   0,0   2,3  18,5   14:05   SSW
17  21,7  26,6   15:14  16,2   01:03   0,0   3,4   0,0   1,9  16,7   04:05    SW
18  22,2  26,3   12:58  19,1   00:26   0,0   3,9   0,2   6,2  44,4   08:15   SSW
19  12,8  19,8   00:08   9,6   23:53   5,5   0,0  29,0   2,2  14,8   04:26   SSW
20  16,3  23,5   16:57   8,2   04:34   2,0   0,0   0,0   1,6  22,2   15:17     S
21  20,3  28,4   17:34  11,2   04:39   0,0   2,0   0,0   2,5  22,2   13:38    SW
22  23,4  30,2   16:28  14,5   05:20   0,0   5,1   0,0   3,2  27,8   14:00    SW
23  22,5  28,3   17:04  16,6   04:20   0,0   4,2   0,6   2,0  16,7   07:01   NNE
24  15,3  18,7   00:00  13,2   23:53   3,0   0,0  17,8   1,1  11,1   00:24   SSW
25  15,9  22,4   16:00   8,9   05:49   2,4   0,0   0,0   2,0  16,7   16:26     N
26  17,5  23,4   19:25  12,7   03:45   0,8   0,0   0,0   1,0  13,0   12:38    SW
27  18,5  25,2   17:13  11,8   04:19   0,0   0,2   0,0   1,2  16,7   13:31    NE
28  19,5  26,6   16:30  13,7   05:01   0,0   1,2   0,0   2,0  18,5   10:20   SSE
29  21,1  29,8   15:17  11,8   04:45   0,0   2,8   0,0   1,7  14,8   15:36     S
30  19,8  24,3   11:19  15,4   23:59   0,0   1,5   9,9   1,8  24,1   19:08     W
----------------------------------------------------------------------------------
    18,7  30,2    22     8,2    20    19,6  32,4 148,3   2,0  44,4    18      SW

Max >=  30,0:  1
Max <=   0,0:  0
Min <=   0,0:  0
Min <= -10,0:  0
Max Rain: 29,0 on day 19
Days of Rain: 14 (>= 0,2 mm)  10 (>= 2,0 mm)  2 (>= 20,0 mm)
Heat Base: 18,3  Cool Base: 18,3  Method: Integration