NOAA-Style klimatska poročila


Poročilo za 2011 Marec
                   Monthly Climatological Summary for mar 2011

Name: Bezina   City: Slovenske Konjice   State: SI
Elevation: 344 m  Lat: N 46° 21' 28"   Lon: E 015° 25' 56"

                  Temperature (°C), Rain (mm), Wind Speed (km/h)

                                      Heat  Cool        Avg
    Mean                              Deg   Deg         Wind                 Dom
Day Temp  High   Time   Low    Time   Days  Days  Rain  Speed High   Time    Dir
----------------------------------------------------------------------------------
 1  -0,2   1,3   12:42  -2,0   00:02  18,5   0,0   0,0   4,6  27,8   20:23   NNE
 2  -0,5   2,1   12:05  -3,3   05:34  18,8   0,0   0,0   8,0  29,6   10:17    NE
 3  -1,1   0,6   14:17  -2,7   05:30  19,4   0,0   0,0   4,2  18,5   12:59   ESE
 4  -0,1   4,5   13:20  -3,9   07:03  18,4   0,0   0,0   2,9  24,1   12:53   ENE
 5   0,3   6,1   15:49  -4,4   06:38  18,0   0,0   0,0   3,6  20,4   11:16   ENE
 6   0,3   3,5   13:53  -3,5   06:21  18,0   0,0   0,0   3,6  24,1   06:37     E
 7  -0,4   3,7   13:17  -4,4   23:57  18,7   0,0   0,0   9,9  59,3   10:33     N
 8  -1,1   5,3   15:57  -6,8   06:21  19,4   0,0   0,0   6,4  33,3   11:42     S
 9   0,4   9,1   15:32  -5,8   06:00  17,9   0,0   0,0   3,0  18,5   12:05    NE
10   4,8  13,8   15:16  -2,8   04:31  13,5   0,0   0,0   6,3  27,8   12:54    SW
11   6,9  13,9   15:26  -0,3   04:06  11,4   0,0   0,0   8,8  51,9   14:51    SW
12   9,2  13,9   15:13   5,3   06:44   9,1   0,0   0,0  23,3  63,0   11:05    SW
13  11,0  14,2   12:14   9,2   22:25   7,3   0,0   0,0  18,5  68,5   05:24    SW
14  11,8  16,5   11:54   8,5   04:41   6,5   0,0   0,0  10,9  48,2   17:03    SW
15  12,8  17,7   14:10   7,8   01:20   5,5   0,0   0,0  10,8  38,9   09:41    SW
16   9,4  10,9   13:03   8,3   02:14   8,9   0,0   0,0   2,9  14,8   07:58     E
17  11,0  14,3   13:35   9,0   01:40   7,3   0,0   0,0  17,9  77,8   15:53    SW
18   9,8  12,0   15:07   7,7   23:31   8,5   0,0   0,0   6,5  20,4   00:14     W
19   6,8   9,5   12:40   3,2   22:59  11,5   0,0   0,0   4,6  24,1   11:12   NNE
20   5,7  10,1   15:15   1,8   05:16  12,6   0,0   0,0   6,6  38,9   13:16     N
21   4,0   9,6   15:27  -1,7   05:52  14,3   0,0   0,0   3,9  38,9   08:41   NNE
22   5,2  12,0   15:08  -1,0   05:46  13,1   0,0   0,0   2,8  33,3   13:03   ENE
23   8,2  15,8   15:46   1,7   04:26  10,1   0,0   0,0   2,7  27,8   11:03   SSE
24  10,1  18,5   15:34   2,0   05:31   8,2   0,0   0,0   2,6  27,8   13:59   SSW
25  10,3  19,7   14:46   3,6   04:07   8,0   0,0   0,0   5,4  44,4   11:54   WSW
26  13,6  18,4   13:29   0,0   03:31   4,7   0,0   0,0  19,0  46,3   15:17   WNW
27   9,5  19,4   12:14   7,2   21:53   8,8   0,0   0,0   2,9  35,2   22:56   NNE
28   8,8  10,8   00:06   6,8   07:44   9,5   0,0   0,0   2,0  18,5   04:02   NNE
29   9,2  16,3   15:14   2,8   06:32   9,1   0,0   0,0   2,3  20,4   14:08   ENE
30   9,4  16,8   16:30   3,1   05:52   8,9   0,0   0,0   2,7  38,9   12:32    SE
31  10,8  18,8   14:53   3,0   07:05   7,5   0,0   0,0   2,6  33,3   13:15     S
----------------------------------------------------------------------------------
     6,3  19,7    25    -6,8     8   371,4   0,0   0,0   6,9  77,8    17      SW

Max >=  30,0:  0
Max <=   0,0:  0
Min <=   0,0: 14
Min <= -10,0:  0
Max Rain: 0,0 on day 0
Days of Rain: 0 (>= 0,2 mm)  0 (>= 2,0 mm)  0 (>= 20,0 mm)
Heat Base: 18,3  Cool Base: 18,3  Method: Integration