NOAA-Style klimatska poročila


Poročilo za 2011 Februar
                   Monthly Climatological Summary for feb 2011

Name: Bezina   City: Slovenske Konjice   State: SI
Elevation: 344 m  Lat: N 46° 21' 28"   Lon: E 015° 25' 56"

                  Temperature (°C), Rain (mm), Wind Speed (km/h)

                                      Heat  Cool        Avg
    Mean                              Deg   Deg         Wind                 Dom
Day Temp  High   Time   Low    Time   Days  Days  Rain  Speed High   Time    Dir
----------------------------------------------------------------------------------
 1  -2,4  -0,7   13:12  -3,4   05:44  20,7   0,0   0,0   1,1  11,1   13:48    NE
 2  -3,5  -1,9   15:11  -5,4   21:16  21,8   0,0   0,0   0,9   9,3   15:51   NNE
 3  -2,7   4,1   15:16  -7,6   06:44  21,0   0,0   0,0   0,3   7,4   16:04   NNE
 4   1,0   6,6   15:19  -4,6   07:29  17,3   0,0   0,0   2,3  18,5   23:30   SSW
 5   9,0  14,0   15:11   4,4   00:06   9,3   0,0   0,0   5,1  18,5   07:54   SSW
 6   8,2  19,0   14:48   2,0   23:34  10,1   0,0   0,0   4,4  20,4   14:19   NNE
 7   7,4  16,1   14:32   0,3   07:12  10,9   0,0   0,0   2,6  20,4   09:47   WSW
 8   5,9  13,5   14:05   0,2   07:35  12,4   0,0   0,0   1,3  11,1   02:25    SE
 9   3,2   9,6   15:26  -0,9   07:06  15,1   0,0   0,0   0,8  14,8   15:24   ENE
10   1,5   9,5   14:16  -2,3   06:26  16,8   0,0   0,0   1,6  22,2   13:06     S
11   6,5  13,5   15:00  -1,4   03:37  11,8   0,0   0,0   8,5  40,7   21:25   WSW
12   5,3   8,6   08:44   2,2   20:47  13,0   0,0   0,0   5,6  31,5   01:57   WSW
13   1,9   4,2   11:50   0,5   07:38  16,4   0,0   0,0   0,6   9,3   13:45    NE
14   1,4   2,6   13:10   0,4   23:52  16,9   0,0   1,0   0,9   9,3   17:06    NE
15   0,4   0,9   11:56  -0,1   07:08  17,9   0,0   0,0   0,7   5,6   01:09    NE
16   1,1   2,6   12:21   0,1   02:22  17,2   0,0   1,0   1,0   7,4   01:41   NNE
17   1,2   2,5   15:36   0,0   20:12  17,1   0,0   1,3   1,1  16,7   18:34     W
18   1,3   2,1   10:48   0,2   03:54  17,0   0,0   5,4   0,9   9,3   20:48    NE
19   2,9   6,6   14:18   0,7   05:25  15,4   0,0   3,1   1,2  13,0   13:19   WNW
20   1,6   2,7   02:37  -0,2   23:43  16,7   0,0   1,0   0,5   7,4   08:07   ENE
21  -1,8  -0,2   00:00  -4,3   22:18  20,1   0,0   0,0   0,8  11,1   08:54   ESE
22  -2,7  -0,3   13:54  -4,6   06:47  21,0   0,0   0,0   0,9  11,1   15:10   ESE
23  -3,9  -1,2   14:17  -6,8   23:53  22,2   0,0   0,0   1,3  14,8   12:35   ENE
24  -5,6   1,3   19:25 -10,4   06:52  23,9   0,0   1,0   1,1  11,1   12:00   ESE
25  -3,7   1,9   14:17  -9,4   07:06  22,0   0,0   0,0   1,9  20,4   17:36   ESE
26  -1,6   1,9   15:52  -4,5   00:17  19,9   0,0   0,0   0,8   9,3   12:04    SE
27  -2,2   1,3   14:22  -6,1   06:45  20,5   0,0   0,0   1,1  11,1   18:25   ENE
28  -0,8   1,0   14:40  -2,1   04:57  19,1   0,0   0,0   1,0   9,3   08:55    NE
----------------------------------------------------------------------------------
     1,0  19,0     6   -10,4    24   483,5   0,0  13,8   1,8  40,7    11      SW

Max >=  30,0:  0
Max <=   0,0:  5
Min <=   0,0: 18
Min <= -10,0:  1
Max Rain: 5,4 on day 18
Days of Rain: 7 (>= 0,2 mm)  2 (>= 2,0 mm)  0 (>= 20,0 mm)
Heat Base: 18,3  Cool Base: 18,3  Method: Integration